CRAN Package Check Results for Package policytree

Last updated on 2021-09-21 16:51:41 CEST.

Flavor Version Tinstall Tcheck Ttotal Status Flags
r-devel-linux-x86_64-debian-clang 1.1.1 23.26 33.76 57.02 OK
r-devel-linux-x86_64-debian-gcc 1.1.1 15.70 26.58 42.28 OK
r-devel-linux-x86_64-fedora-clang 1.1.1 85.09 OK
r-devel-linux-x86_64-fedora-gcc 1.1.1 72.21 OK
r-devel-windows-x86_64 1.1.1 21.00 48.00 69.00 OK
r-devel-windows-x86_64-gcc10-UCRT 1.1.1 ERROR
r-patched-linux-x86_64 1.1.1 21.04 32.96 54.00 OK
r-patched-solaris-x86 1.1.1 89.90 OK
r-release-linux-x86_64 1.1.1 22.19 32.93 55.12 OK
r-release-macos-arm64 1.1.1 OK
r-release-macos-x86_64 1.1.1 OK
r-release-windows-ix86+x86_64 1.1.1 59.00 59.00 118.00 OK
r-oldrel-macos-x86_64 1.1.1 OK
r-oldrel-windows-ix86+x86_64 1.1.1 58.00 60.00 118.00 OK

Check Details

Version: 1.1.1
Check: whether package can be installed
Result: ERROR
    Installation failed.
Flavor: r-devel-windows-x86_64-gcc10-UCRT