CRAN Package Check Results for Package poems

Last updated on 2021-07-24 19:50:27 CEST.

Flavor Version Tinstall Tcheck Ttotal Status Flags
r-devel-linux-x86_64-debian-clang 1.0.1 25.97 240.80 266.77 OK
r-devel-linux-x86_64-debian-gcc 1.0.1 20.90 178.91 199.81 OK
r-devel-linux-x86_64-fedora-clang 1.0.1 324.00 NOTE
r-devel-linux-x86_64-fedora-gcc 1.0.1 321.72 NOTE
r-devel-windows-x86_64 1.0.1 29.00 345.00 374.00 OK
r-devel-windows-x86_64-gcc10-UCRT 1.0.1 NOTE
r-patched-linux-x86_64 1.0.1 25.71 226.82 252.53 OK
r-patched-solaris-x86 1.0.1 379.10 NOTE
r-release-linux-x86_64 1.0.1 26.19 230.26 256.45 OK
r-release-macos-arm64 1.0.1 NOTE
r-release-macos-x86_64 1.0.1 NOTE
r-release-windows-ix86+x86_64 1.0.1 40.00 338.00 378.00 OK
r-oldrel-macos-x86_64 1.0.1 NOTE
r-oldrel-windows-ix86+x86_64 1.0.1 43.00 419.00 462.00 OK

Check Details

Version: 1.0.1
Check: dependencies in R code
Result: NOTE
    Namespaces in Imports field not imported from:
     ‘abc’ ‘doParallel’ ‘gdistance’ ‘geosphere’ ‘lhs’ ‘metRology’ ‘raster’
     ‘trend’
     All declared Imports should be used.
Flavors: r-devel-linux-x86_64-fedora-clang, r-devel-linux-x86_64-fedora-gcc, r-devel-windows-x86_64-gcc10-UCRT, r-patched-solaris-x86, r-release-macos-arm64, r-release-macos-x86_64, r-oldrel-macos-x86_64