CRAN Package Check Results for Package pmhtutorial

Last updated on 2022-08-11 21:50:12 CEST.

Flavor Version Tinstall Tcheck Ttotal Status Flags
r-devel-linux-x86_64-debian-clang 1.5 2.59 32.82 35.41 NOTE
r-devel-linux-x86_64-debian-gcc 1.5 2.70 25.38 28.08 NOTE
r-devel-linux-x86_64-fedora-clang 1.5 53.23 NOTE
r-devel-linux-x86_64-fedora-gcc 1.5 51.88 NOTE
r-devel-windows-x86_64 1.5 27.00 57.00 84.00 NOTE
r-patched-linux-x86_64 1.5 3.68 30.96 34.64 NOTE
r-release-linux-x86_64 1.5 3.25 30.94 34.19 NOTE
r-release-macos-arm64 1.5 19.00 NOTE
r-release-macos-x86_64 1.5 28.00 NOTE
r-release-windows-x86_64 1.5 19.00 56.00 75.00 NOTE
r-oldrel-macos-arm64 1.5 23.00 NOTE
r-oldrel-macos-x86_64 1.5 35.00 NOTE
r-oldrel-windows-ix86+x86_64 1.5 7.00 49.00 56.00 NOTE

Check Details

Version: 1.5
Check: LazyData
Result: NOTE
     'LazyData' is specified without a 'data' directory
Flavors: r-devel-linux-x86_64-debian-clang, r-devel-linux-x86_64-debian-gcc, r-devel-linux-x86_64-fedora-clang, r-devel-linux-x86_64-fedora-gcc, r-devel-windows-x86_64, r-patched-linux-x86_64, r-release-linux-x86_64, r-release-macos-arm64, r-release-macos-x86_64, r-release-windows-x86_64, r-oldrel-macos-arm64, r-oldrel-macos-x86_64, r-oldrel-windows-ix86+x86_64