CRAN Package Check Results for Package plus

Last updated on 2021-10-28 05:50:36 CEST.

Flavor Version Tinstall Tcheck Ttotal Status Flags
r-devel-linux-x86_64-debian-clang 1.0 3.22 36.30 39.52 NOTE
r-devel-linux-x86_64-debian-gcc 1.0 2.05 28.10 30.15 NOTE
r-devel-linux-x86_64-fedora-clang 1.0 58.32 NOTE
r-devel-linux-x86_64-fedora-gcc 1.0 47.63 NOTE
r-devel-windows-x86_64 1.0 5.00 44.00 49.00 OK
r-devel-windows-x86_64-gcc10-UCRT 1.0 OK
r-patched-linux-x86_64 1.0 2.84 35.18 38.02 NOTE
r-patched-solaris-x86 1.0 77.60 OK
r-release-linux-x86_64 1.0 2.97 35.14 38.11 NOTE
r-release-macos-arm64 1.0 OK
r-release-macos-x86_64 1.0 OK
r-release-windows-ix86+x86_64 1.0 6.00 43.00 49.00 OK
r-oldrel-macos-x86_64 1.0 OK
r-oldrel-windows-ix86+x86_64 1.0 6.00 42.00 48.00 OK

Check Details

Version: 1.0
Check: Rd line widths
Result: NOTE
    Rd file 'predict.plus.Rd':
     \examples lines wider than 100 characters:
     extracted.values <- predict(object, lam = sort(object$lam.path[1:10],decreasing=TRUE), newx=object$x)
    
    These lines will be truncated in the PDF manual.
Flavors: r-devel-linux-x86_64-debian-clang, r-devel-linux-x86_64-debian-gcc, r-devel-linux-x86_64-fedora-clang, r-devel-linux-x86_64-fedora-gcc, r-patched-linux-x86_64, r-release-linux-x86_64