CRAN Package Check Results for Package plsmod

Last updated on 2021-12-01 23:51:46 CET.

Flavor Version Tinstall Tcheck Ttotal Status Flags
r-devel-linux-x86_64-debian-clang 0.1.1 11.32 111.31 122.63 NOTE
r-devel-linux-x86_64-debian-gcc 0.1.1 9.04 88.04 97.08 NOTE
r-devel-linux-x86_64-fedora-clang 0.1.1 155.94 NOTE
r-devel-linux-x86_64-fedora-gcc 0.1.1 143.94 NOTE
r-devel-windows-x86_64-new-UL 0.1.1 22.00 146.00 168.00 NOTE
r-devel-windows-x86_64-new-TK 0.1.1 NOTE
r-devel-windows-x86_64-old 0.1.1 19.00 101.00 120.00 NOTE
r-patched-linux-x86_64 0.1.1 12.24 104.17 116.41 NOTE
r-patched-solaris-x86 0.1.1 222.90 NOTE
r-release-linux-x86_64 0.1.1 9.56 103.86 113.42 NOTE
r-release-macos-arm64 0.1.1 NOTE
r-release-macos-x86_64 0.1.1 NOTE
r-release-windows-ix86+x86_64 0.1.1 28.00 133.00 161.00 NOTE
r-oldrel-macos-x86_64 0.1.1 OK
r-oldrel-windows-ix86+x86_64 0.1.1 28.00 133.00 161.00 OK

Check Details

Version: 0.1.1
Check: LazyData
Result: NOTE
     'LazyData' is specified without a 'data' directory
Flavors: r-devel-linux-x86_64-debian-clang, r-devel-linux-x86_64-debian-gcc, r-devel-linux-x86_64-fedora-clang, r-devel-linux-x86_64-fedora-gcc, r-devel-windows-x86_64-new-UL, r-devel-windows-x86_64-new-TK, r-devel-windows-x86_64-old, r-patched-linux-x86_64, r-patched-solaris-x86, r-release-linux-x86_64, r-release-macos-arm64, r-release-macos-x86_64, r-release-windows-ix86+x86_64