CRAN Package Check Results for Package plothelper

Last updated on 2021-09-21 16:51:41 CEST.

Flavor Version Tinstall Tcheck Ttotal Status Flags
r-devel-linux-x86_64-debian-clang 0.1.9 8.19 71.68 79.87 NOTE
r-devel-linux-x86_64-debian-gcc 0.1.9 6.76 52.29 59.05 NOTE
r-devel-linux-x86_64-fedora-clang 0.1.9 104.45 NOTE
r-devel-linux-x86_64-fedora-gcc 0.1.9 88.53 NOTE
r-devel-windows-x86_64 0.1.9 12.00 69.00 81.00 NOTE
r-devel-windows-x86_64-gcc10-UCRT 0.1.9 ERROR
r-patched-linux-x86_64 0.1.9 8.79 65.09 73.88 NOTE
r-patched-solaris-x86 0.1.9 127.10 NOTE
r-release-linux-x86_64 0.1.9 6.94 65.44 72.38 NOTE
r-release-macos-arm64 0.1.9 NOTE
r-release-macos-x86_64 0.1.9 NOTE
r-release-windows-ix86+x86_64 0.1.9 18.00 69.00 87.00 NOTE
r-oldrel-macos-x86_64 0.1.9 OK
r-oldrel-windows-ix86+x86_64 0.1.9 18.00 68.00 86.00 OK

Check Details

Version: 0.1.9
Check: LazyData
Result: NOTE
     'LazyData' is specified without a 'data' directory
Flavors: r-devel-linux-x86_64-debian-clang, r-devel-linux-x86_64-debian-gcc, r-devel-linux-x86_64-fedora-clang, r-devel-linux-x86_64-fedora-gcc, r-devel-windows-x86_64, r-devel-windows-x86_64-gcc10-UCRT, r-patched-linux-x86_64, r-patched-solaris-x86, r-release-linux-x86_64, r-release-macos-arm64, r-release-macos-x86_64, r-release-windows-ix86+x86_64

Version: 0.1.9
Check: whether package can be installed
Result: WARN
    Found the following significant warnings:
     WARNING: installation-time patches will not be applied, could not get the patches index
Flavor: r-devel-windows-x86_64-gcc10-UCRT

Version: 0.1.9
Check: PDF version of manual
Result: WARN
    LaTeX errors when creating PDF version.
    This typically indicates Rd problems.
Flavor: r-devel-windows-x86_64-gcc10-UCRT

Version: 0.1.9
Check: PDF version of manual without hyperrefs or index
Result: ERROR
    Re-running with no redirection of stdout/stderr.
Flavor: r-devel-windows-x86_64-gcc10-UCRT