CRAN Package Check Results for Package plotSEMM

Last updated on 2021-10-27 16:49:13 CEST.

Flavor Version Tinstall Tcheck Ttotal Status Flags
r-devel-linux-x86_64-debian-clang 2.4 17.15 77.76 94.91 NOTE
r-devel-linux-x86_64-debian-gcc 2.4 14.64 58.42 73.06 NOTE
r-devel-linux-x86_64-fedora-clang 2.4 127.25 NOTE
r-devel-linux-x86_64-fedora-gcc 2.4 113.59 NOTE
r-devel-windows-x86_64 2.4 29.00 102.00 131.00 NOTE
r-devel-windows-x86_64-gcc10-UCRT 2.4 NOTE
r-patched-linux-x86_64 2.4 15.48 72.65 88.13 NOTE
r-patched-solaris-x86 2.4 158.20 NOTE
r-release-linux-x86_64 2.4 15.02 73.23 88.25 NOTE
r-release-macos-arm64 2.4 NOTE
r-release-macos-x86_64 2.4 NOTE
r-release-windows-ix86+x86_64 2.4 32.00 139.00 171.00 NOTE
r-oldrel-macos-x86_64 2.4 OK
r-oldrel-windows-ix86+x86_64 2.4 46.00 141.00 187.00 OK

Check Details

Version: 2.4
Check: LazyData
Result: NOTE
     'LazyData' is specified without a 'data' directory
Flavors: r-devel-linux-x86_64-debian-clang, r-devel-linux-x86_64-debian-gcc, r-devel-linux-x86_64-fedora-clang, r-devel-linux-x86_64-fedora-gcc, r-devel-windows-x86_64, r-devel-windows-x86_64-gcc10-UCRT, r-patched-linux-x86_64, r-patched-solaris-x86, r-release-linux-x86_64, r-release-macos-arm64, r-release-macos-x86_64, r-release-windows-ix86+x86_64