CRAN Package Check Results for Package pleiotest

Last updated on 2025-01-22 08:49:22 CET.

Flavor Version Tinstall Tcheck Ttotal Status Flags
r-devel-linux-x86_64-debian-clang 1.0.0 30.52 28.47 58.99 NOTE
r-devel-linux-x86_64-debian-gcc 1.0.0 20.62 21.25 41.87 NOTE
r-devel-linux-x86_64-fedora-clang 1.0.0 106.92 NOTE
r-devel-linux-x86_64-fedora-gcc 1.0.0 102.14 NOTE
r-devel-windows-x86_64 1.0.0 31.00 66.00 97.00 NOTE
r-patched-linux-x86_64 1.0.0 28.15 27.94 56.09 NOTE
r-release-linux-x86_64 1.0.0 27.32 27.66 54.98 NOTE
r-release-macos-arm64 1.0.0 30.00 NOTE
r-release-macos-x86_64 1.0.0 38.00 NOTE
r-release-windows-x86_64 1.0.0 30.00 67.00 97.00 NOTE
r-oldrel-macos-arm64 1.0.0 34.00 NOTE
r-oldrel-macos-x86_64 1.0.0 53.00 NOTE
r-oldrel-windows-x86_64 1.0.0 37.00 74.00 111.00 NOTE

Check Details

Version: 1.0.0
Check: C++ specification
Result: NOTE Specified C++11: please drop specification unless essential Flavors: r-devel-linux-x86_64-debian-clang, r-devel-linux-x86_64-debian-gcc, r-devel-linux-x86_64-fedora-clang, r-devel-linux-x86_64-fedora-gcc, r-devel-windows-x86_64, r-patched-linux-x86_64, r-release-linux-x86_64, r-release-macos-arm64, r-release-macos-x86_64, r-release-windows-x86_64, r-oldrel-macos-arm64, r-oldrel-macos-x86_64, r-oldrel-windows-x86_64