CRAN Package Check Results for Package planar

Last updated on 2021-05-10 05:47:50 CEST.

Flavor Version Tinstall Tcheck Ttotal Status Flags
r-devel-linux-x86_64-debian-clang 1.6 114.13 76.72 190.85 OK
r-devel-linux-x86_64-debian-gcc 1.6 78.46 57.92 136.38 OK
r-devel-linux-x86_64-fedora-clang 1.6 279.22 NOTE
r-devel-linux-x86_64-fedora-gcc 1.6 247.85 NOTE
r-devel-windows-ix86+x86_64 1.6 248.00 126.00 374.00 OK
r-devel-windows-x86_64-gcc10-UCRT 1.6 OK
r-patched-linux-x86_64 1.6 95.70 73.68 169.38 OK
r-patched-solaris-x86 1.6 253.80 OK
r-release-linux-x86_64 1.6 100.84 72.11 172.95 OK
r-release-macos-x86_64 1.6 NOTE
r-release-windows-ix86+x86_64 1.6 200.00 101.00 301.00 OK
r-oldrel-macos-x86_64 1.6 NOTE
r-oldrel-windows-ix86+x86_64 1.6 245.00 124.00 369.00 OK

Check Details

Version: 1.6
Check: compiled code
Result: NOTE
    File ‘planar/libs/planar.so’:
     Found no calls to: ‘R_registerRoutines’, ‘R_useDynamicSymbols’
    
    It is good practice to register native routines and to disable symbol
    search.
    
    See ‘Writing portable packages’ in the ‘Writing R Extensions’ manual.
Flavors: r-devel-linux-x86_64-fedora-clang, r-devel-linux-x86_64-fedora-gcc

Version: 1.6
Check: installed package size
Result: NOTE
     installed size is 5.7Mb
     sub-directories of 1Mb or more:
     libs 5.1Mb
Flavors: r-release-macos-x86_64, r-oldrel-macos-x86_64