CRAN Package Check Results for Package planar

Last updated on 2022-01-27 00:50:31 CET.

Flavor Version Tinstall Tcheck Ttotal Status Flags
r-devel-linux-x86_64-debian-clang 1.6 108.89 98.28 207.17 OK
r-devel-linux-x86_64-debian-gcc 1.6 80.59 72.82 153.41 OK
r-devel-linux-x86_64-fedora-clang 1.6 294.53 NOTE
r-devel-linux-x86_64-fedora-gcc 1.6 267.25 NOTE
r-devel-windows-x86_64-new-UL 1.6 117.00 163.00 280.00 OK
r-devel-windows-x86_64-new-TK 1.6 OK
r-patched-linux-x86_64 1.6 98.12 71.83 169.95 OK
r-release-linux-x86_64 1.6 98.88 70.90 169.78 OK
r-release-macos-arm64 1.6 NOTE
r-release-macos-x86_64 1.6 NOTE
r-release-windows-ix86+x86_64 1.6 275.00 119.00 394.00 OK
r-oldrel-macos-x86_64 1.6 NOTE
r-oldrel-windows-ix86+x86_64 1.6 276.00 120.00 396.00 OK

Check Details

Version: 1.6
Check: compiled code
Result: NOTE
    File ‘planar/libs/planar.so’:
     Found no calls to: ‘R_registerRoutines’, ‘R_useDynamicSymbols’
    
    It is good practice to register native routines and to disable symbol
    search.
    
    See ‘Writing portable packages’ in the ‘Writing R Extensions’ manual.
Flavors: r-devel-linux-x86_64-fedora-clang, r-devel-linux-x86_64-fedora-gcc

Version: 1.6
Check: installed package size
Result: NOTE
     installed size is 6.9Mb
     sub-directories of 1Mb or more:
     libs 6.3Mb
Flavors: r-release-macos-arm64, r-release-macos-x86_64, r-oldrel-macos-x86_64