CRAN Package Check Results for Package piecewiseSEM

Last updated on 2021-09-19 16:49:15 CEST.

Flavor Version Tinstall Tcheck Ttotal Status Flags
r-devel-linux-x86_64-debian-clang 2.1.2 14.39 129.03 143.42 OK
r-devel-linux-x86_64-debian-gcc 2.1.2 12.04 96.03 108.07 OK
r-devel-linux-x86_64-fedora-clang 2.1.2 178.38 OK
r-devel-linux-x86_64-fedora-gcc 2.1.2 168.10 OK
r-devel-windows-x86_64 2.1.2 21.00 164.00 185.00 OK
r-devel-windows-x86_64-gcc10-UCRT 2.1.2 ERROR
r-patched-linux-x86_64 2.1.2 22.85 120.92 143.77 OK
r-patched-solaris-x86 2.1.2 238.70 OK
r-release-linux-x86_64 2.1.2 11.79 120.76 132.55 OK
r-release-macos-arm64 2.1.2 OK
r-release-macos-x86_64 2.1.2 OK
r-release-windows-ix86+x86_64 2.1.2 35.00 124.00 159.00 OK
r-oldrel-macos-x86_64 2.1.2 OK
r-oldrel-windows-ix86+x86_64 2.1.2 34.00 121.00 155.00 OK

Check Details

Version: 2.1.2
Check: whether package can be installed
Result: WARN
    Found the following significant warnings:
     WARNING: installation-time patches will not be applied, could not get the patches index
Flavor: r-devel-windows-x86_64-gcc10-UCRT

Version: 2.1.2
Check: PDF version of manual
Result: WARN
    LaTeX errors when creating PDF version.
    This typically indicates Rd problems.
Flavor: r-devel-windows-x86_64-gcc10-UCRT

Version: 2.1.2
Check: PDF version of manual without hyperrefs or index
Result: ERROR
    Re-running with no redirection of stdout/stderr.
Flavor: r-devel-windows-x86_64-gcc10-UCRT