CRAN Package Check Results for Package pid

Last updated on 2021-09-18 05:02:40 CEST.

Flavor Version Tinstall Tcheck Ttotal Status Flags
r-devel-linux-x86_64-debian-clang 0.50 6.04 69.19 75.23 OK
r-devel-linux-x86_64-debian-gcc 0.50 4.56 51.70 56.26 OK
r-devel-linux-x86_64-fedora-clang 0.50 103.58 NOTE
r-devel-linux-x86_64-fedora-gcc 0.50 87.02 NOTE
r-devel-windows-x86_64 0.50 9.00 91.00 100.00 OK
r-devel-windows-x86_64-gcc10-UCRT 0.50 NOTE
r-patched-linux-x86_64 0.50 5.74 63.47 69.21 OK
r-patched-solaris-x86 0.50 133.80 NOTE
r-release-linux-x86_64 0.50 5.52 63.51 69.03 OK
r-release-macos-arm64 0.50 NOTE
r-release-macos-x86_64 0.50 NOTE
r-release-windows-ix86+x86_64 0.50 15.00 68.00 83.00 OK
r-oldrel-macos-x86_64 0.50 NOTE
r-oldrel-windows-ix86+x86_64 0.50 16.00 70.00 86.00 OK

Check Details

Version: 0.50
Check: dependencies in R code
Result: NOTE
    Namespace in Imports field not imported from: ‘FrF2.catlg128’
     All declared Imports should be used.
Flavors: r-devel-linux-x86_64-fedora-clang, r-devel-linux-x86_64-fedora-gcc, r-devel-windows-x86_64-gcc10-UCRT, r-patched-solaris-x86, r-release-macos-arm64, r-release-macos-x86_64, r-oldrel-macos-x86_64

Version: 0.50
Check: Rd cross-references
Result: NOTE
    Undeclared package ‘BsMD’ in Rd xrefs
Flavor: r-devel-linux-x86_64-fedora-clang