CRAN Package Check Results for Package phytools

Last updated on 2021-10-21 16:49:53 CEST.

Flavor Version Tinstall Tcheck Ttotal Status Flags
r-devel-linux-x86_64-debian-clang 0.7-90 44.48 289.18 333.66 OK
r-devel-linux-x86_64-debian-gcc 0.7-90 37.69 213.47 251.16 OK
r-devel-linux-x86_64-fedora-clang 0.7-90 415.04 OK
r-devel-linux-x86_64-fedora-gcc 0.7-90 426.22 OK
r-devel-windows-x86_64 0.7-90 69.00 326.00 395.00 OK
r-devel-windows-x86_64-gcc10-UCRT 0.7-90 ERROR
r-patched-linux-x86_64 0.7-90 48.32 281.95 330.27 OK
r-patched-solaris-x86 0.7-90 473.50 OK
r-release-linux-x86_64 0.7-90 43.96 279.82 323.78 OK
r-release-macos-arm64 0.7-90 OK
r-release-macos-x86_64 0.7-90 OK
r-release-windows-ix86+x86_64 0.7-90 55.00 316.00 371.00 OK
r-oldrel-macos-x86_64 0.7-90 OK
r-oldrel-windows-ix86+x86_64 0.7-90 80.00 320.00 400.00 OK

Check Details

Version: 0.7-90
Check: package dependencies
Result: ERROR
    Package required but not available: 'phangorn'
    
    Package suggested but not available for checking: 'geiger'
    
    See section 'The DESCRIPTION file' in the 'Writing R Extensions'
    manual.
Flavor: r-devel-windows-x86_64-gcc10-UCRT