CRAN Package Check Results for Package phangorn

Last updated on 2021-10-22 04:54:57 CEST.

Flavor Version Tinstall Tcheck Ttotal Status Flags
r-devel-linux-x86_64-debian-clang 2.7.1 70.57 260.88 331.45 OK
r-devel-linux-x86_64-debian-gcc 2.7.1 50.54 193.59 244.13 OK
r-devel-linux-x86_64-fedora-clang 2.7.1 419.89 NOTE
r-devel-linux-x86_64-fedora-gcc 2.7.1 398.29 OK
r-devel-windows-x86_64 2.7.1 91.00 326.00 417.00 NOTE
r-devel-windows-x86_64-gcc10-UCRT 2.7.1 ERROR
r-patched-linux-x86_64 2.7.1 63.21 263.24 326.45 OK
r-patched-solaris-x86 2.7.1 372.50 NOTE
r-release-linux-x86_64 2.7.1 58.62 268.89 327.51 OK
r-release-macos-arm64 2.7.1 NOTE
r-release-macos-x86_64 2.7.1 NOTE
r-release-windows-ix86+x86_64 2.7.1 109.00 388.00 497.00 NOTE
r-oldrel-macos-x86_64 2.7.1 NOTE
r-oldrel-windows-ix86+x86_64 2.7.1 145.00 399.00 544.00 NOTE

Check Details

Version: 2.7.1
Check: installed package size
Result: NOTE
     installed size is 7.3Mb
     sub-directories of 1Mb or more:
     doc 1.5Mb
     libs 3.4Mb
Flavors: r-devel-linux-x86_64-fedora-clang, r-devel-windows-x86_64, r-patched-solaris-x86, r-release-macos-arm64, r-release-macos-x86_64, r-release-windows-ix86+x86_64, r-oldrel-macos-x86_64, r-oldrel-windows-ix86+x86_64

Version: 2.7.1
Check: package dependencies
Result: ERROR
    Package required but not available: 'igraph'
    
    See section 'The DESCRIPTION file' in the 'Writing R Extensions'
    manual.
Flavor: r-devel-windows-x86_64-gcc10-UCRT

Version: 2.7.1
Check: package dependencies
Result: NOTE
    Package suggested but not available for checking: ‘seqLogo’
Flavors: r-release-macos-arm64, r-release-macos-x86_64, r-oldrel-macos-x86_64