CRAN Package Check Results for Package pgsc

Last updated on 2022-01-29 00:48:49 CET.

Flavor Version Tinstall Tcheck Ttotal Status Flags
r-devel-linux-x86_64-debian-clang 1.0.0 31.03 112.41 143.44 OK
r-devel-linux-x86_64-debian-gcc 1.0.0 27.18 85.23 112.41 OK
r-devel-linux-x86_64-fedora-clang 1.0.0 197.48 OK
r-devel-linux-x86_64-fedora-gcc 1.0.0 180.73 OK
r-devel-windows-x86_64-new-UL 1.0.0 84.00 188.00 272.00 OK
r-devel-windows-x86_64-new-TK 1.0.0 ERROR
r-patched-linux-x86_64 1.0.0 29.07 105.85 134.92 OK
r-release-linux-x86_64 1.0.0 28.29 104.70 132.99 OK
r-release-macos-arm64 1.0.0 OK
r-release-macos-x86_64 1.0.0 OK
r-release-windows-ix86+x86_64 1.0.0 83.00 210.00 293.00 OK
r-oldrel-macos-x86_64 1.0.0 OK
r-oldrel-windows-ix86+x86_64 1.0.0 83.00 210.00 293.00 OK

Check Details

Version: 1.0.0
Check: package dependencies
Result: ERROR
    Package required but not available: 'nloptr'
    
    See section 'The DESCRIPTION file' in the 'Writing R Extensions'
    manual.
Flavor: r-devel-windows-x86_64-new-TK