CRAN Package Check Results for Package pgraph

Last updated on 2022-01-23 00:57:20 CET.

Flavor Version Tinstall Tcheck Ttotal Status Flags
r-devel-linux-x86_64-debian-clang 1.6 5.58 78.51 84.09 NOTE
r-devel-linux-x86_64-debian-gcc 1.6 6.34 58.98 65.32 NOTE
r-devel-linux-x86_64-fedora-clang 1.6 103.22 NOTE
r-devel-linux-x86_64-fedora-gcc 1.6 92.27 NOTE
r-devel-windows-x86_64-new-UL 1.6 21.00 92.00 113.00 NOTE
r-devel-windows-x86_64-new-TK 1.6 NOTE
r-patched-linux-x86_64 1.6 7.41 75.08 82.49 NOTE
r-release-linux-x86_64 1.6 6.34 75.87 82.21 NOTE
r-release-macos-arm64 1.6 NOTE
r-release-macos-x86_64 1.6 NOTE
r-release-windows-ix86+x86_64 1.6 18.00 86.00 104.00 NOTE
r-oldrel-macos-x86_64 1.6 OK
r-oldrel-windows-ix86+x86_64 1.6 19.00 87.00 106.00 OK

Check Details

Version: 1.6
Check: LazyData
Result: NOTE
     'LazyData' is specified without a 'data' directory
Flavors: r-devel-linux-x86_64-debian-clang, r-devel-linux-x86_64-debian-gcc, r-devel-linux-x86_64-fedora-clang, r-devel-linux-x86_64-fedora-gcc, r-devel-windows-x86_64-new-UL, r-devel-windows-x86_64-new-TK, r-patched-linux-x86_64, r-release-linux-x86_64, r-release-macos-arm64, r-release-macos-x86_64, r-release-windows-ix86+x86_64