CRAN Package Check Results for Package petrinetR

Last updated on 2021-09-18 05:02:40 CEST.

Flavor Version Tinstall Tcheck Ttotal Status Flags
r-devel-linux-x86_64-debian-clang 0.2.1 5.27 48.96 54.23 NOTE
r-devel-linux-x86_64-debian-gcc 0.2.1 3.76 36.56 40.32 NOTE
r-devel-linux-x86_64-fedora-clang 0.2.1 74.26 NOTE
r-devel-linux-x86_64-fedora-gcc 0.2.1 58.70 NOTE
r-devel-windows-x86_64 0.2.1 6.00 64.00 70.00 NOTE
r-devel-windows-x86_64-gcc10-UCRT 0.2.1 NOTE
r-patched-linux-x86_64 0.2.1 5.86 45.75 51.61 NOTE
r-patched-solaris-x86 0.2.1 86.30 NOTE
r-release-linux-x86_64 0.2.1 4.81 45.28 50.09 NOTE
r-release-macos-arm64 0.2.1 NOTE
r-release-macos-x86_64 0.2.1 NOTE
r-release-windows-ix86+x86_64 0.2.1 14.00 47.00 61.00 NOTE
r-oldrel-macos-x86_64 0.2.1 OK
r-oldrel-windows-ix86+x86_64 0.2.1 14.00 46.00 60.00 OK

Check Details

Version: 0.2.1
Check: LazyData
Result: NOTE
     'LazyData' is specified without a 'data' directory
Flavors: r-devel-linux-x86_64-debian-clang, r-devel-linux-x86_64-debian-gcc, r-devel-linux-x86_64-fedora-clang, r-devel-linux-x86_64-fedora-gcc, r-devel-windows-x86_64, r-devel-windows-x86_64-gcc10-UCRT, r-patched-linux-x86_64, r-patched-solaris-x86, r-release-linux-x86_64, r-release-macos-arm64, r-release-macos-x86_64, r-release-windows-ix86+x86_64