Last updated on 2022-07-06 17:49:11 CEST.
Flavor | Version | Tinstall | Tcheck | Ttotal | Status | Flags |
---|---|---|---|---|---|---|
r-devel-linux-x86_64-debian-clang | 0.8.2 | 3.34 | 46.52 | 49.86 | NOTE | |
r-devel-linux-x86_64-debian-gcc | 0.8.2 | 2.69 | 35.35 | 38.04 | NOTE | |
r-devel-linux-x86_64-fedora-clang | 0.8.2 | 76.20 | NOTE | |||
r-devel-linux-x86_64-fedora-gcc | 0.8.2 | 75.58 | NOTE | |||
r-devel-windows-x86_64 | 0.8.2 | 15.00 | 77.00 | 92.00 | NOTE | |
r-patched-linux-x86_64 | 0.8.2 | 2.48 | 45.23 | 47.71 | NOTE | |
r-release-linux-x86_64 | 0.8.2 | 3.37 | 44.21 | 47.58 | NOTE | |
r-release-macos-arm64 | 0.8.2 | 23.00 | NOTE | |||
r-release-macos-x86_64 | 0.8.2 | 41.00 | NOTE | |||
r-release-windows-x86_64 | 0.8.2 | 26.00 | 79.00 | 105.00 | NOTE | |
r-oldrel-macos-arm64 | 0.8.2 | 22.00 | NOTE | |||
r-oldrel-macos-x86_64 | 0.8.2 | 40.00 | NOTE | |||
r-oldrel-windows-ix86+x86_64 | 0.8.2 | 9.00 | 69.00 | 78.00 | NOTE |
Version: 0.8.2
Check: LazyData
Result: NOTE
'LazyData' is specified without a 'data' directory
Flavors: r-devel-linux-x86_64-debian-clang, r-devel-linux-x86_64-debian-gcc, r-devel-linux-x86_64-fedora-clang, r-devel-linux-x86_64-fedora-gcc, r-devel-windows-x86_64, r-patched-linux-x86_64, r-release-linux-x86_64, r-release-macos-arm64, r-release-macos-x86_64, r-release-windows-x86_64, r-oldrel-macos-arm64, r-oldrel-macos-x86_64, r-oldrel-windows-ix86+x86_64
Version: 0.8.2
Check: package subdirectories
Result: NOTE
Problems with news in ‘NEWS.md’:
Cannot extract version info from the following section titles:
Fixed issues
Flavors: r-devel-linux-x86_64-fedora-clang, r-devel-linux-x86_64-fedora-gcc