CRAN Package Check Results for Package pesel

Last updated on 2023-03-29 04:51:19 CEST.

Flavor Version Tinstall Tcheck Ttotal Status Flags
r-devel-linux-x86_64-debian-clang 0.7.3 1.62 20.38 22.00 NOTE
r-devel-linux-x86_64-debian-gcc 0.7.3 1.77 16.63 18.40 NOTE
r-devel-linux-x86_64-fedora-clang 0.7.3 29.18 NOTE
r-devel-linux-x86_64-fedora-gcc 0.7.3 27.35 NOTE
r-devel-windows-x86_64 0.7.3 11.00 0.00 11.00 NOTE
r-patched-linux-x86_64 0.7.3 2.22 20.26 22.48 NOTE
r-release-linux-x86_64 0.7.3 1.91 22.31 24.22 NOTE
r-release-macos-arm64 0.7.3 15.00 NOTE
r-release-macos-x86_64 0.7.3 21.00 NOTE
r-release-windows-x86_64 0.7.3 6.00 45.00 51.00 NOTE
r-oldrel-macos-arm64 0.7.3 17.00 NOTE
r-oldrel-macos-x86_64 0.7.3 23.00 NOTE
r-oldrel-windows-ix86+x86_64 0.7.3 5.00 28.00 33.00 NOTE

Check Details

Version: 0.7.3
Check: LazyData
Result: NOTE
     'LazyData' is specified without a 'data' directory
Flavors: r-devel-linux-x86_64-debian-clang, r-devel-linux-x86_64-debian-gcc, r-devel-linux-x86_64-fedora-clang, r-devel-linux-x86_64-fedora-gcc, r-devel-windows-x86_64, r-patched-linux-x86_64, r-release-linux-x86_64, r-release-macos-arm64, r-release-macos-x86_64, r-release-windows-x86_64, r-oldrel-macos-arm64, r-oldrel-macos-x86_64, r-oldrel-windows-ix86+x86_64