CRAN Package Check Results for Package peruse

Last updated on 2022-01-25 12:55:42 CET.

Flavor Version Tinstall Tcheck Ttotal Status Flags
r-devel-linux-x86_64-debian-clang 0.3.1 2.29 35.37 37.66 NOTE
r-devel-linux-x86_64-debian-gcc 0.3.1 1.40 27.92 29.32 NOTE
r-devel-linux-x86_64-fedora-clang 0.3.1 46.53 NOTE
r-devel-linux-x86_64-fedora-gcc 0.3.1 35.53 NOTE
r-devel-windows-x86_64-new-UL 0.3.1 32.00 54.00 86.00 NOTE
r-devel-windows-x86_64-new-TK 0.3.1 NOTE
r-patched-linux-x86_64 0.3.1 2.28 33.38 35.66 NOTE
r-release-linux-x86_64 0.3.1 1.95 33.64 35.59 NOTE
r-release-macos-arm64 0.3.1 NOTE
r-release-macos-x86_64 0.3.1 NOTE
r-release-windows-ix86+x86_64 0.3.1 5.00 44.00 49.00 NOTE
r-oldrel-macos-x86_64 0.3.1 OK
r-oldrel-windows-ix86+x86_64 0.3.1 6.00 43.00 49.00 OK

Check Details

Version: 0.3.1
Check: LazyData
Result: NOTE
     'LazyData' is specified without a 'data' directory
Flavors: r-devel-linux-x86_64-debian-clang, r-devel-linux-x86_64-debian-gcc, r-devel-linux-x86_64-fedora-clang, r-devel-linux-x86_64-fedora-gcc, r-devel-windows-x86_64-new-UL, r-devel-windows-x86_64-new-TK, r-patched-linux-x86_64, r-release-linux-x86_64, r-release-macos-arm64, r-release-macos-x86_64, r-release-windows-ix86+x86_64