CRAN Package Check Results for Package perccal

Last updated on 2022-01-28 00:49:03 CET.

Flavor Version Tinstall Tcheck Ttotal Status Flags
r-devel-linux-x86_64-debian-clang 1.0 34.39 38.11 72.50 OK
r-devel-linux-x86_64-debian-gcc 1.0 26.51 30.13 56.64 OK
r-devel-linux-x86_64-fedora-clang 1.0 105.54 NOTE
r-devel-linux-x86_64-fedora-gcc 1.0 87.03 NOTE
r-devel-windows-x86_64-new-UL 1.0 38.00 77.00 115.00 OK
r-devel-windows-x86_64-new-TK 1.0 OK
r-patched-linux-x86_64 1.0 30.20 37.00 67.20 OK
r-release-linux-x86_64 1.0 27.84 37.89 65.73 OK
r-release-macos-arm64 1.0 OK
r-release-macos-x86_64 1.0 OK
r-release-windows-ix86+x86_64 1.0 84.00 74.00 158.00 OK
r-oldrel-macos-x86_64 1.0 OK
r-oldrel-windows-ix86+x86_64 1.0 85.00 78.00 163.00 OK

Check Details

Version: 1.0
Check: compiled code
Result: NOTE
    File ‘perccal/libs/perccal.so’:
     Found no calls to: ‘R_registerRoutines’, ‘R_useDynamicSymbols’
    
    It is good practice to register native routines and to disable symbol
    search.
    
    See ‘Writing portable packages’ in the ‘Writing R Extensions’ manual.
Flavors: r-devel-linux-x86_64-fedora-clang, r-devel-linux-x86_64-fedora-gcc