CRAN Package Check Results for Package pepr

Last updated on 2021-07-24 19:50:26 CEST.

Flavor Version Tinstall Tcheck Ttotal Status Flags
r-devel-linux-x86_64-debian-clang 0.4.0 0.68 2.79 3.47 ERROR
r-devel-linux-x86_64-debian-gcc 0.4.0 0.47 2.15 2.62 ERROR
r-devel-linux-x86_64-fedora-clang 0.4.0 11.95 ERROR
r-devel-linux-x86_64-fedora-gcc 0.4.0 2.96 ERROR
r-devel-windows-x86_64 0.4.0 8.00 62.00 70.00 OK
r-devel-windows-x86_64-gcc10-UCRT 0.4.0 OK
r-patched-linux-x86_64 0.4.0 4.96 52.43 57.39 OK
r-patched-solaris-x86 0.4.0 99.50 OK
r-release-linux-x86_64 0.4.0 4.33 52.81 57.14 OK
r-release-macos-arm64 0.4.0 OK
r-release-macos-x86_64 0.4.0 OK
r-release-windows-ix86+x86_64 0.4.0 10.00 60.00 70.00 OK
r-oldrel-macos-x86_64 0.4.0 OK
r-oldrel-windows-ix86+x86_64 0.4.0 11.00 80.00 91.00 OK

Check Details

Version: 0.4.0
Check: package dependencies
Result: ERROR
    Package required but not available: 'pryr'
    
    See section 'The DESCRIPTION file' in the 'Writing R Extensions'
    manual.
Flavors: r-devel-linux-x86_64-debian-clang, r-devel-linux-x86_64-debian-gcc, r-devel-linux-x86_64-fedora-clang, r-devel-linux-x86_64-fedora-gcc