CRAN Package Check Results for Package penalized

Last updated on 2024-06-25 07:06:29 CEST.

Flavor Version Tinstall Tcheck Ttotal Status Flags
r-devel-linux-x86_64-debian-clang 0.9-52 82.14 133.23 215.37 NOTE
r-devel-linux-x86_64-debian-gcc 0.9-52 68.44 95.64 164.08 NOTE
r-devel-linux-x86_64-fedora-clang 0.9-52 295.01 NOTE
r-devel-linux-x86_64-fedora-gcc 0.9-52 337.99 NOTE
r-devel-windows-x86_64 0.9-52 74.00 137.00 211.00 NOTE
r-patched-linux-x86_64 0.9-52 84.90 122.21 207.11 NOTE
r-release-linux-x86_64 0.9-52 85.79 127.29 213.08 NOTE
r-release-macos-arm64 0.9-52 80.00 NOTE
r-release-macos-x86_64 0.9-52 138.00 NOTE
r-release-windows-x86_64 0.9-52 75.00 143.00 218.00 NOTE
r-oldrel-macos-arm64 0.9-52 103.00 NOTE
r-oldrel-macos-x86_64 0.9-52 173.00 NOTE
r-oldrel-windows-x86_64 0.9-52 88.00 162.00 250.00 NOTE

Check Details

Version: 0.9-52
Check: C++ specification
Result: NOTE Specified C++11: please drop specification unless essential Flavors: r-devel-linux-x86_64-debian-clang, r-devel-linux-x86_64-debian-gcc, r-devel-linux-x86_64-fedora-clang, r-devel-linux-x86_64-fedora-gcc, r-devel-windows-x86_64, r-patched-linux-x86_64, r-release-linux-x86_64, r-release-macos-arm64, r-release-macos-x86_64, r-release-windows-x86_64, r-oldrel-macos-arm64, r-oldrel-macos-x86_64, r-oldrel-windows-x86_64

Version: 0.9-52
Check: Rd files
Result: NOTE checkRd: (-1) breslow.Rd:27: Escaped LaTeX specials: \# \# Flavors: r-devel-linux-x86_64-debian-clang, r-devel-linux-x86_64-debian-gcc, r-devel-linux-x86_64-fedora-clang, r-devel-linux-x86_64-fedora-gcc, r-devel-windows-x86_64, r-patched-linux-x86_64, r-release-linux-x86_64, r-release-macos-arm64, r-release-macos-x86_64, r-release-windows-x86_64, r-oldrel-macos-arm64, r-oldrel-macos-x86_64, r-oldrel-windows-x86_64

Version: 0.9-52
Check: installed package size
Result: NOTE installed size is 6.0Mb sub-directories of 1Mb or more: libs 5.1Mb Flavors: r-release-macos-arm64, r-release-macos-x86_64, r-oldrel-macos-arm64, r-oldrel-macos-x86_64