CRAN Package Check Results for Package penDvine

Last updated on 2021-09-18 05:02:40 CEST.

Flavor Version Tinstall Tcheck Ttotal Status Flags
r-devel-linux-x86_64-debian-clang 0.2.4 10.77 93.52 104.29 OK
r-devel-linux-x86_64-debian-gcc 0.2.4 9.77 70.35 80.12 OK
r-devel-linux-x86_64-fedora-clang 0.2.4 133.98 OK
r-devel-linux-x86_64-fedora-gcc 0.2.4 122.10 OK
r-devel-windows-x86_64 0.2.4 13.00 113.00 126.00 ERROR
r-devel-windows-x86_64-gcc10-UCRT 0.2.4 OK
r-patched-linux-x86_64 0.2.4 10.41 89.72 100.13 OK
r-patched-solaris-x86 0.2.4 182.20 OK
r-release-linux-x86_64 0.2.4 10.21 89.86 100.07 OK
r-release-macos-arm64 0.2.4 OK
r-release-macos-x86_64 0.2.4 OK
r-release-windows-ix86+x86_64 0.2.4 25.00 82.00 107.00 ERROR
r-oldrel-macos-x86_64 0.2.4 OK
r-oldrel-windows-ix86+x86_64 0.2.4 25.00 81.00 106.00 ERROR

Check Details

Version: 0.2.4
Check: examples
Result: ERROR
    Running examples in 'penDvine-Ex.R' failed
    The error most likely occurred in:
    
    > ### Name: penDvine-package
    > ### Title: The package 'penDvine' offers routines for estimating densities
    > ### and copula distribution of D-vines.
    > ### Aliases: penDvine-package
    >
    > ### ** Examples
    >
    > #This examples describes the estimation of a D-vine to winddata,
    > #available in this package. After the margins are prepared, we estimate a
    > #D-vine using B-splines with 9 (K+1) marginal knots and penalizing second (m=2)
    > #order differences (pen=1) of the basis coefficients.
    >
    > data(Winddata)
    > ex.data<-Winddata[c(1:100),c(1:4)] #examplary subdata for fast calculation
    > wind.example<-Dvine(ex.data,K=7,pen=1,lambda=100,order.Dvine=FALSE,base="B-spline",m=2,cores=2)
    >
    >
    >
    > ### * <FOOTER>
    > ###
    > cleanEx()
    Error: connections left open:
     <-CRANwin.fb05.statistik.uni-dortmund.de:11555 (sockconn)
     <-CRANwin.fb05.statistik.uni-dortmund.de:11555 (sockconn)
    Execution halted
Flavor: r-devel-windows-x86_64

Version: 0.2.4
Check: examples
Result: ERROR
    Running examples in 'penDvine-Ex.R' failed
    The error most likely occurred in:
    
    > ### Name: penDvine-package
    > ### Title: The package 'penDvine' offers routines for estimating densities
    > ### and copula distribution of D-vines.
    > ### Aliases: penDvine-package
    >
    > ### ** Examples
    >
    > #This examples describes the estimation of a D-vine to winddata,
    > #available in this package. After the margins are prepared, we estimate a
    > #D-vine using B-splines with 9 (K+1) marginal knots and penalizing second (m=2)
    > #order differences (pen=1) of the basis coefficients.
    >
    > data(Winddata)
    > ex.data<-Winddata[c(1:100),c(1:4)] #examplary subdata for fast calculation
    > wind.example<-Dvine(ex.data,K=7,pen=1,lambda=100,order.Dvine=FALSE,base="B-spline",m=2,cores=2)
    >
    >
    >
    > ### * <FOOTER>
    > ###
    > cleanEx()
    Error: connections left open:
     <-CRANwin.fb05.statistik.uni-dortmund.de:11424 (sockconn)
     <-CRANwin.fb05.statistik.uni-dortmund.de:11424 (sockconn)
    Execution halted
Flavor: r-release-windows-ix86+x86_64

Version: 0.2.4
Check: examples
Result: ERROR
    Running examples in 'penDvine-Ex.R' failed
    The error most likely occurred in:
    
    > ### Name: penDvine-package
    > ### Title: The package 'penDvine' offers routines for estimating densities
    > ### and copula distribution of D-vines.
    > ### Aliases: penDvine-package
    >
    > ### ** Examples
    >
    > #This examples describes the estimation of a D-vine to winddata,
    > #available in this package. After the margins are prepared, we estimate a
    > #D-vine using B-splines with 9 (K+1) marginal knots and penalizing second (m=2)
    > #order differences (pen=1) of the basis coefficients.
    >
    > data(Winddata)
    > ex.data<-Winddata[c(1:100),c(1:4)] #examplary subdata for fast calculation
    > wind.example<-Dvine(ex.data,K=7,pen=1,lambda=100,order.Dvine=FALSE,base="B-spline",m=2,cores=2)
    >
    >
    >
    > ### * <FOOTER>
    > ###
    > cleanEx()
    Error: connections left open:
     <-CRANwin.fb05.statistik.uni-dortmund.de:11891 (sockconn)
     <-CRANwin.fb05.statistik.uni-dortmund.de:11891 (sockconn)
    Execution halted
Flavor: r-oldrel-windows-ix86+x86_64