CRAN Package Check Results for Package pec

Last updated on 2022-07-05 17:50:37 CEST.

Flavor Version Tinstall Tcheck Ttotal Status Flags
r-devel-linux-x86_64-debian-clang 2022.05.04 17.50 124.76 142.26 NOTE
r-devel-linux-x86_64-debian-gcc 2022.05.04 14.60 93.21 107.81 NOTE
r-devel-linux-x86_64-fedora-clang 2022.05.04 184.46 NOTE
r-devel-linux-x86_64-fedora-gcc 2022.05.04 179.89 NOTE
r-devel-windows-x86_64 2022.05.04 41.00 152.00 193.00 NOTE
r-patched-linux-x86_64 2022.05.04 23.87 120.47 144.34 NOTE
r-release-linux-x86_64 2022.05.04 12.91 120.34 133.25 NOTE
r-release-macos-arm64 2022.05.04 53.00 OK
r-release-macos-x86_64 2022.05.04 73.00 OK
r-release-windows-x86_64 2022.05.04 49.00 149.00 198.00 OK
r-oldrel-macos-arm64 2022.05.04 47.00 OK
r-oldrel-macos-x86_64 2022.05.04 69.00 OK
r-oldrel-windows-ix86+x86_64 2022.05.04 43.00 188.00 231.00 OK

Check Details

Version: 2022.05.04
Check: package dependencies
Result: NOTE
    Package which this enhances but not available for checking: 'crrstep'
Flavors: r-devel-linux-x86_64-debian-clang, r-devel-linux-x86_64-debian-gcc, r-devel-linux-x86_64-fedora-clang, r-devel-linux-x86_64-fedora-gcc, r-patched-linux-x86_64, r-release-linux-x86_64

Version: 2022.05.04
Check: Rd files
Result: NOTE
    checkRd: (-1) pec.Rd:250: Escaped LaTeX specials: \&
    checkRd: (-1) pec.Rd:251: Escaped LaTeX specials: \&
    checkRd: (-1) pec.Rd:256: Escaped LaTeX specials: \&
Flavors: r-devel-linux-x86_64-debian-clang, r-devel-linux-x86_64-debian-gcc, r-devel-linux-x86_64-fedora-clang, r-devel-linux-x86_64-fedora-gcc, r-devel-windows-x86_64