Last updated on 2023-02-04 04:54:00 CET.
Flavor | Version | Tinstall | Tcheck | Ttotal | Status | Flags |
---|---|---|---|---|---|---|
r-devel-linux-x86_64-debian-clang | 1.8 | 12.34 | 118.35 | 130.69 | OK | |
r-devel-linux-x86_64-debian-gcc | 1.8 | 9.10 | 86.57 | 95.67 | OK | |
r-devel-linux-x86_64-fedora-clang | 1.8 | 155.60 | NOTE | |||
r-devel-linux-x86_64-fedora-gcc | 1.8 | 156.25 | NOTE | |||
r-devel-windows-x86_64 | 1.8 | 28.00 | 139.00 | 167.00 | OK | |
r-patched-linux-x86_64 | 1.8 | 13.01 | 113.27 | 126.28 | OK | |
r-release-linux-x86_64 | 1.8 | 12.81 | 118.55 | 131.36 | OK | |
r-release-macos-arm64 | 1.8 | 61.00 | NOTE | |||
r-release-macos-x86_64 | 1.8 | 81.00 | NOTE | |||
r-release-windows-x86_64 | 1.8 | 36.00 | 154.00 | 190.00 | OK | |
r-oldrel-macos-arm64 | 1.8 | 60.00 | NOTE | |||
r-oldrel-macos-x86_64 | 1.8 | 81.00 | NOTE | |||
r-oldrel-windows-ix86+x86_64 | 1.8 | 31.00 | 138.00 | 169.00 | OK |
Version: 1.8
Check: dependencies in R code
Result: NOTE
Namespaces in Imports field not imported from:
‘car’ ‘sandwich’
All declared Imports should be used.
Flavors: r-devel-linux-x86_64-fedora-clang, r-devel-linux-x86_64-fedora-gcc, r-release-macos-arm64, r-release-macos-x86_64, r-oldrel-macos-arm64, r-oldrel-macos-x86_64