CRAN Package Check Results for Package pdR

Last updated on 2021-10-24 16:54:12 CEST.

Flavor Version Tinstall Tcheck Ttotal Status Flags
r-devel-linux-x86_64-debian-clang 1.7 10.78 139.10 149.88 OK
r-devel-linux-x86_64-debian-gcc 1.7 8.62 102.39 111.01 OK
r-devel-linux-x86_64-fedora-clang 1.7 190.12 NOTE
r-devel-linux-x86_64-fedora-gcc 1.7 178.66 NOTE
r-devel-windows-x86_64 1.7 26.00 117.00 143.00 OK
r-devel-windows-x86_64-gcc10-UCRT 1.7 NOTE
r-patched-linux-x86_64 1.7 11.02 128.39 139.41 OK
r-patched-solaris-x86 1.7 245.20 NOTE
r-release-linux-x86_64 1.7 10.18 127.08 137.26 OK
r-release-macos-arm64 1.7 NOTE
r-release-macos-x86_64 1.7 NOTE
r-release-windows-ix86+x86_64 1.7 32.00 147.00 179.00 OK
r-oldrel-macos-x86_64 1.7 NOTE
r-oldrel-windows-ix86+x86_64 1.7 43.00 169.00 212.00 OK

Check Details

Version: 1.7
Check: dependencies in R code
Result: NOTE
    Namespaces in Imports field not imported from:
     ‘car’ ‘sandwich’
     All declared Imports should be used.
Flavors: r-devel-linux-x86_64-fedora-clang, r-devel-linux-x86_64-fedora-gcc, r-devel-windows-x86_64-gcc10-UCRT, r-patched-solaris-x86, r-release-macos-arm64, r-release-macos-x86_64, r-oldrel-macos-x86_64