CRAN Package Check Results for Package pcatsAPIclientR

Last updated on 2022-06-30 17:49:52 CEST.

Flavor Version Tinstall Tcheck Ttotal Status Flags
r-devel-linux-x86_64-debian-clang 1.0.0 2.50 26.57 29.07 OK
r-devel-linux-x86_64-debian-gcc 1.0.0 2.05 21.01 23.06 OK
r-devel-linux-x86_64-fedora-clang 1.0.0 46.20 NOTE
r-devel-linux-x86_64-fedora-gcc 1.0.0 45.60 NOTE
r-devel-windows-x86_64 1.0.0 30.00 55.00 85.00 OK
r-patched-linux-x86_64 1.0.0 1.89 26.11 28.00 OK
r-release-linux-x86_64 1.0.0 1.75 26.08 27.83 OK
r-release-macos-arm64 1.0.0 18.00 NOTE
r-release-macos-x86_64 1.0.0 30.00 NOTE
r-release-windows-x86_64 1.0.0 52.00 55.00 107.00 OK
r-oldrel-macos-arm64 1.0.0 18.00 NOTE
r-oldrel-macos-x86_64 1.0.0 26.00 NOTE
r-oldrel-windows-ix86+x86_64 1.0.0 7.00 45.00 52.00 OK

Check Details

Version: 1.0.0
Check: dependencies in R code
Result: NOTE
    Namespace in Imports field not imported from: ‘testthat’
     All declared Imports should be used.
Flavors: r-devel-linux-x86_64-fedora-clang, r-devel-linux-x86_64-fedora-gcc, r-release-macos-arm64, r-release-macos-x86_64, r-oldrel-macos-arm64, r-oldrel-macos-x86_64