Last updated on 2022-07-07 05:56:08 CEST.
Flavor | Version | Tinstall | Tcheck | Ttotal | Status | Flags |
---|---|---|---|---|---|---|
r-devel-linux-x86_64-debian-clang | 2.7-6 | 118.94 | 398.42 | 517.36 | OK | |
r-devel-linux-x86_64-debian-gcc | 2.7-6 | 98.16 | 294.82 | 392.98 | OK | |
r-devel-linux-x86_64-fedora-clang | 2.7-6 | 646.03 | NOTE | |||
r-devel-linux-x86_64-fedora-gcc | 2.7-6 | 631.48 | OK | |||
r-devel-windows-x86_64 | 2.7-6 | 143.00 | 469.00 | 612.00 | NOTE | |
r-patched-linux-x86_64 | 2.7-6 | 112.79 | 372.15 | 484.94 | OK | |
r-release-linux-x86_64 | 2.7-6 | 110.39 | 375.10 | 485.49 | OK | |
r-release-macos-arm64 | 2.7-6 | 184.00 | NOTE | |||
r-release-macos-x86_64 | 2.7-6 | 230.00 | NOTE | |||
r-release-windows-x86_64 | 2.7-6 | 144.00 | 494.00 | 638.00 | NOTE | |
r-oldrel-macos-arm64 | 2.7-6 | 151.00 | NOTE | |||
r-oldrel-macos-x86_64 | 2.7-6 | 227.00 | NOTE | |||
r-oldrel-windows-ix86+x86_64 | 2.7-6 | 261.00 | 732.00 | 993.00 | NOTE |
Version: 2.7-6
Check: installed package size
Result: NOTE
installed size is 9.9Mb
sub-directories of 1Mb or more:
data 2.2Mb
libs 5.0Mb
Flavors: r-devel-linux-x86_64-fedora-clang, r-devel-windows-x86_64, r-release-macos-arm64, r-release-macos-x86_64, r-release-windows-x86_64, r-oldrel-macos-arm64, r-oldrel-macos-x86_64, r-oldrel-windows-ix86+x86_64
Version: 2.7-6
Check: Rd cross-references
Result: NOTE
Undeclared packages ‘combinat’, ‘unifDAG’ in Rd xrefs
Flavor: r-devel-linux-x86_64-fedora-clang