CRAN Package Check Results for Package paws.storage

Last updated on 2021-09-23 04:56:37 CEST.

Flavor Version Tinstall Tcheck Ttotal Status Flags
r-devel-linux-x86_64-debian-clang 0.1.12 26.37 70.66 97.03 OK
r-devel-linux-x86_64-debian-gcc 0.1.12 22.40 51.86 74.26 OK
r-devel-linux-x86_64-fedora-clang 0.1.12 130.39 OK
r-devel-linux-x86_64-fedora-gcc 0.1.12 118.69 OK
r-devel-windows-x86_64 0.1.12 34.00 69.00 103.00 OK
r-devel-windows-x86_64-gcc10-UCRT 0.1.12 ERROR
r-patched-linux-x86_64 0.1.12 35.96 67.10 103.06 OK
r-patched-solaris-x86 0.1.12 135.70 OK
r-release-linux-x86_64 0.1.12 27.74 67.92 95.66 OK
r-release-macos-arm64 0.1.12 OK
r-release-macos-x86_64 0.1.12 OK
r-release-windows-ix86+x86_64 0.1.12 48.00 72.00 120.00 OK
r-oldrel-macos-x86_64 0.1.12 OK
r-oldrel-windows-ix86+x86_64 0.1.12 29.00 66.00 95.00 OK

Check Details

Version: 0.1.12
Check: package dependencies
Result: ERROR
    Package required but not available: 'paws.common'
    
    See section 'The DESCRIPTION file' in the 'Writing R Extensions'
    manual.
Flavor: r-devel-windows-x86_64-gcc10-UCRT