CRAN Package Check Results for Package paws.security.identity

Last updated on 2021-09-23 16:50:34 CEST.

Flavor Version Tinstall Tcheck Ttotal Status Flags
r-devel-linux-x86_64-debian-clang 0.1.12 74.92 146.69 221.61 OK
r-devel-linux-x86_64-debian-gcc 0.1.12 56.63 106.35 162.98 OK
r-devel-linux-x86_64-fedora-clang 0.1.12 274.71 OK
r-devel-linux-x86_64-fedora-gcc 0.1.12 259.59 OK
r-devel-windows-x86_64 0.1.12 81.00 139.00 220.00 OK
r-devel-windows-x86_64-gcc10-UCRT 0.1.12 OK
r-patched-linux-x86_64 0.1.12 86.97 138.31 225.28 OK
r-patched-solaris-x86 0.1.12 300.50 OK
r-release-linux-x86_64 0.1.12 69.41 137.88 207.29 OK
r-release-macos-arm64 0.1.12 NOTE
r-release-macos-x86_64 0.1.12 OK
r-release-windows-ix86+x86_64 0.1.12 115.00 136.00 251.00 OK
r-oldrel-macos-x86_64 0.1.12 OK
r-oldrel-windows-ix86+x86_64 0.1.12 80.00 128.00 208.00 OK

Check Details

Version: 0.1.12
Check: installed package size
Result: NOTE
     installed size is 5.6Mb
     sub-directories of 1Mb or more:
     R 2.0Mb
     help 3.5Mb
Flavor: r-release-macos-arm64