CRAN Package Check Results for Package paws

Last updated on 2021-08-01 19:51:38 CEST.

Flavor Version Tinstall Tcheck Ttotal Status Flags
r-devel-linux-x86_64-debian-clang 0.1.11 7.06 56.73 63.79 NOTE
r-devel-linux-x86_64-debian-gcc 0.1.11 4.86 43.90 48.76 NOTE
r-devel-linux-x86_64-fedora-clang 0.1.11 85.80 NOTE
r-devel-linux-x86_64-fedora-gcc 0.1.11 75.17 NOTE
r-devel-windows-x86_64 0.1.11 7.00 90.00 97.00 NOTE
r-devel-windows-x86_64-gcc10-UCRT 0.1.11 NOTE
r-patched-linux-x86_64 0.1.11 NOTE
r-patched-solaris-x86 0.1.11 101.20 NOTE
r-release-linux-x86_64 0.1.11 5.16 54.97 60.13 NOTE
r-release-macos-arm64 0.1.11 NOTE
r-release-macos-x86_64 0.1.11 NOTE
r-release-windows-ix86+x86_64 0.1.11 10.00 65.00 75.00 NOTE
r-oldrel-macos-x86_64 0.1.11 OK
r-oldrel-windows-ix86+x86_64 0.1.11 8.00 87.00 95.00 OK

Check Details

Version: 0.1.11
Check: LazyData
Result: NOTE
     'LazyData' is specified without a 'data' directory
Flavors: r-devel-linux-x86_64-debian-clang, r-devel-linux-x86_64-debian-gcc, r-devel-linux-x86_64-fedora-clang, r-devel-linux-x86_64-fedora-gcc, r-devel-windows-x86_64, r-devel-windows-x86_64-gcc10-UCRT, r-patched-linux-x86_64, r-patched-solaris-x86, r-release-linux-x86_64, r-release-macos-arm64, r-release-macos-x86_64, r-release-windows-ix86+x86_64