CRAN Package Check Results for Package paws.database

Last updated on 2021-09-23 04:56:37 CEST.

Flavor Version Tinstall Tcheck Ttotal Status Flags
r-devel-linux-x86_64-debian-clang 0.1.12 53.52 101.86 155.38 OK
r-devel-linux-x86_64-debian-gcc 0.1.12 48.75 75.79 124.54 OK
r-devel-linux-x86_64-fedora-clang 0.1.12 204.38 OK
r-devel-linux-x86_64-fedora-gcc 0.1.12 191.23 OK
r-devel-windows-x86_64 0.1.12 64.00 83.00 147.00 OK
r-devel-windows-x86_64-gcc10-UCRT 0.1.12 ERROR
r-patched-linux-x86_64 0.1.12 63.09 98.00 161.09 OK
r-patched-solaris-x86 0.1.12 228.10 OK
r-release-linux-x86_64 0.1.12 51.59 97.89 149.48 OK
r-release-macos-arm64 0.1.12 OK
r-release-macos-x86_64 0.1.12 OK
r-release-windows-ix86+x86_64 0.1.12 91.00 87.00 178.00 OK
r-oldrel-macos-x86_64 0.1.12 OK
r-oldrel-windows-ix86+x86_64 0.1.12 68.00 82.00 150.00 OK

Check Details

Version: 0.1.12
Check: package dependencies
Result: ERROR
    Package required but not available: 'paws.common'
    
    See section 'The DESCRIPTION file' in the 'Writing R Extensions'
    manual.
Flavor: r-devel-windows-x86_64-gcc10-UCRT