CRAN Package Check Results for Package paws.customer.engagement

Last updated on 2021-09-23 04:56:37 CEST.

Flavor Version Tinstall Tcheck Ttotal Status Flags
r-devel-linux-x86_64-debian-clang 0.1.12 39.32 62.92 102.24 OK
r-devel-linux-x86_64-debian-gcc 0.1.12 28.57 47.10 75.67 OK
r-devel-linux-x86_64-fedora-clang 0.1.12 127.91 OK
r-devel-linux-x86_64-fedora-gcc 0.1.12 116.74 OK
r-devel-windows-x86_64 0.1.12 38.00 60.00 98.00 OK
r-devel-windows-x86_64-gcc10-UCRT 0.1.12 ERROR
r-patched-linux-x86_64 0.1.12 35.35 60.05 95.40 OK
r-patched-solaris-x86 0.1.12 140.20 OK
r-release-linux-x86_64 0.1.12 31.22 61.33 92.55 OK
r-release-macos-arm64 0.1.12 OK
r-release-macos-x86_64 0.1.12 OK
r-release-windows-ix86+x86_64 0.1.12 55.00 60.00 115.00 OK
r-oldrel-macos-x86_64 0.1.12 OK
r-oldrel-windows-ix86+x86_64 0.1.12 36.00 55.00 91.00 OK

Check Details

Version: 0.1.12
Check: package dependencies
Result: ERROR
    Package required but not available: 'paws.common'
    
    See section 'The DESCRIPTION file' in the 'Writing R Extensions'
    manual.
Flavor: r-devel-windows-x86_64-gcc10-UCRT