CRAN Package Check Results for Package paws.application.integration

Last updated on 2021-09-23 04:56:37 CEST.

Flavor Version Tinstall Tcheck Ttotal Status Flags
r-devel-linux-x86_64-debian-clang 0.1.12 13.53 43.74 57.27 OK
r-devel-linux-x86_64-debian-gcc 0.1.12 13.81 33.11 46.92 OK
r-devel-linux-x86_64-fedora-clang 0.1.12 80.07 OK
r-devel-linux-x86_64-fedora-gcc 0.1.12 69.62 OK
r-devel-windows-x86_64 0.1.12 18.00 44.00 62.00 OK
r-devel-windows-x86_64-gcc10-UCRT 0.1.12 ERROR
r-patched-linux-x86_64 0.1.12 19.86 42.12 61.98 OK
r-patched-solaris-x86 0.1.12 89.70 OK
r-release-linux-x86_64 0.1.12 11.54 41.92 53.46 OK
r-release-macos-arm64 0.1.12 OK
r-release-macos-x86_64 0.1.12 OK
r-release-windows-ix86+x86_64 0.1.12 25.00 46.00 71.00 OK
r-oldrel-macos-x86_64 0.1.12 OK
r-oldrel-windows-ix86+x86_64 0.1.12 17.00 41.00 58.00 OK

Check Details

Version: 0.1.12
Check: package dependencies
Result: ERROR
    Package required but not available: 'paws.common'
    
    See section 'The DESCRIPTION file' in the 'Writing R Extensions'
    manual.
Flavor: r-devel-windows-x86_64-gcc10-UCRT