CRAN Package Check Results for Package paws.analytics

Last updated on 2022-10-02 11:54:20 CEST.

Flavor Version Tinstall Tcheck Ttotal Status Flags
r-devel-linux-x86_64-debian-clang 0.1.12 49.93 145.34 195.27 NOTE
r-devel-linux-x86_64-debian-gcc 0.1.12 43.64 110.45 154.09 NOTE
r-devel-linux-x86_64-fedora-clang 0.1.12 271.52 NOTE
r-devel-linux-x86_64-fedora-gcc 0.1.12 256.00 NOTE
r-devel-windows-x86_64 0.1.12 732.00 266.00 998.00 NOTE
r-patched-linux-x86_64 0.1.12 53.88 100.80 154.68 OK
r-release-linux-x86_64 0.1.12 48.06 101.56 149.62 OK
r-release-macos-arm64 0.1.12 48.00 OK
r-release-macos-x86_64 0.1.12 95.00 OK
r-release-windows-x86_64 0.1.12 707.00 147.00 854.00 OK
r-oldrel-macos-arm64 0.1.12 70.00 OK
r-oldrel-macos-x86_64 0.1.12 86.00 OK
r-oldrel-windows-ix86+x86_64 0.1.12 88.00 122.00 210.00 OK

Check Details

Version: 0.1.12
Check: Rd files
Result: NOTE
    checkRd: (-1) glue_search_tables.Rd:24: Escaped LaTeX specials: \#
Flavors: r-devel-linux-x86_64-debian-clang, r-devel-linux-x86_64-debian-gcc, r-devel-linux-x86_64-fedora-clang, r-devel-linux-x86_64-fedora-gcc, r-devel-windows-x86_64