CRAN Package Check Results for Package paws.analytics

Last updated on 2021-09-23 04:56:37 CEST.

Flavor Version Tinstall Tcheck Ttotal Status Flags
r-devel-linux-x86_64-debian-clang 0.1.12 51.82 95.12 146.94 OK
r-devel-linux-x86_64-debian-gcc 0.1.12 40.88 70.10 110.98 OK
r-devel-linux-x86_64-fedora-clang 0.1.12 189.39 OK
r-devel-linux-x86_64-fedora-gcc 0.1.12 175.53 OK
r-devel-windows-x86_64 0.1.12 58.00 84.00 142.00 OK
r-devel-windows-x86_64-gcc10-UCRT 0.1.12 ERROR
r-patched-linux-x86_64 0.1.12 56.83 90.61 147.44 OK
r-patched-solaris-x86 0.1.12 206.70 OK
r-release-linux-x86_64 0.1.12 52.56 90.54 143.10 OK
r-release-macos-arm64 0.1.12 OK
r-release-macos-x86_64 0.1.12 OK
r-release-windows-ix86+x86_64 0.1.12 84.00 81.00 165.00 OK
r-oldrel-macos-x86_64 0.1.12 OK
r-oldrel-windows-ix86+x86_64 0.1.12 52.00 77.00 129.00 OK

Check Details

Version: 0.1.12
Check: package dependencies
Result: ERROR
    Package required but not available: 'paws.common'
    
    See section 'The DESCRIPTION file' in the 'Writing R Extensions'
    manual.
Flavor: r-devel-windows-x86_64-gcc10-UCRT