CRAN Package Check Results for Package patientProfilesVis

Last updated on 2021-10-19 16:50:40 CEST.

Flavor Version Tinstall Tcheck Ttotal Status Flags
r-devel-linux-x86_64-debian-clang 2.0.2 9.03 178.26 187.29 OK
r-devel-linux-x86_64-debian-gcc 2.0.2 6.67 127.35 134.02 OK
r-devel-linux-x86_64-fedora-clang 2.0.2 229.88 NOTE
r-devel-linux-x86_64-fedora-gcc 2.0.2 220.00 OK
r-devel-windows-x86_64 2.0.2 15.00 229.00 244.00 NOTE
r-devel-windows-x86_64-gcc10-UCRT 2.0.2 OK
r-patched-linux-x86_64 2.0.2 14.46 166.54 181.00 OK
r-patched-solaris-x86 2.0.2 202.80 NOTE
r-release-linux-x86_64 2.0.2 9.07 164.54 173.61 OK
r-release-macos-arm64 2.0.2 NOTE
r-release-macos-x86_64 2.0.2 NOTE
r-release-windows-ix86+x86_64 2.0.2 22.00 214.00 236.00 NOTE
r-oldrel-macos-x86_64 2.0.2 NOTE
r-oldrel-windows-ix86+x86_64 2.0.2 22.00 218.00 240.00 NOTE

Check Details

Version: 2.0.2
Check: installed package size
Result: NOTE
     installed size is 5.4Mb
     sub-directories of 1Mb or more:
     doc 5.0Mb
Flavors: r-devel-linux-x86_64-fedora-clang, r-devel-windows-x86_64, r-patched-solaris-x86, r-release-macos-arm64, r-release-macos-x86_64, r-release-windows-ix86+x86_64, r-oldrel-macos-x86_64, r-oldrel-windows-ix86+x86_64