Last updated on 2022-07-03 05:49:56 CEST.
Flavor | Version | Tinstall | Tcheck | Ttotal | Status | Flags |
---|---|---|---|---|---|---|
r-devel-linux-x86_64-debian-clang | 0.1.0 | 4.39 | 48.52 | 52.91 | OK | |
r-devel-linux-x86_64-debian-gcc | 0.1.0 | 3.75 | 36.71 | 40.46 | OK | |
r-devel-linux-x86_64-fedora-clang | 0.1.0 | 73.88 | NOTE | |||
r-devel-linux-x86_64-fedora-gcc | 0.1.0 | 73.02 | NOTE | |||
r-devel-windows-x86_64 | 0.1.0 | 15.00 | 67.00 | 82.00 | OK | |
r-patched-linux-x86_64 | 0.1.0 | 4.36 | 45.44 | 49.80 | OK | |
r-release-linux-x86_64 | 0.1.0 | 3.54 | 45.81 | 49.35 | OK | |
r-release-macos-arm64 | 0.1.0 | 23.00 | NOTE | |||
r-release-macos-x86_64 | 0.1.0 | 38.00 | NOTE | |||
r-release-windows-x86_64 | 0.1.0 | 13.00 | 72.00 | 85.00 | OK | |
r-oldrel-macos-arm64 | 0.1.0 | 25.00 | NOTE | |||
r-oldrel-macos-x86_64 | 0.1.0 | 31.00 | NOTE | |||
r-oldrel-windows-ix86+x86_64 | 0.1.0 | 13.00 | 64.00 | 77.00 | OK |
Version: 0.1.0
Check: dependencies in R code
Result: NOTE
Namespaces in Imports field not imported from:
‘testthat’ ‘usethis’ ‘utils’
All declared Imports should be used.
Flavors: r-devel-linux-x86_64-fedora-clang, r-devel-linux-x86_64-fedora-gcc, r-release-macos-arm64, r-release-macos-x86_64, r-oldrel-macos-arm64, r-oldrel-macos-x86_64