Last updated on 2022-07-03 17:52:11 CEST.
Flavor | Version | Tinstall | Tcheck | Ttotal | Status | Flags |
---|---|---|---|---|---|---|
r-devel-linux-x86_64-debian-clang | 1.1.1 | 9.81 | 135.42 | 145.23 | NOTE | |
r-devel-linux-x86_64-debian-gcc | 1.1.1 | 6.52 | 97.17 | 103.69 | NOTE | |
r-devel-linux-x86_64-fedora-clang | 1.1.1 | 169.75 | NOTE | |||
r-devel-linux-x86_64-fedora-gcc | 1.1.1 | 166.84 | NOTE | |||
r-devel-windows-x86_64 | 1.1.1 | 64.00 | 149.00 | 213.00 | NOTE | |
r-patched-linux-x86_64 | 1.1.1 | 7.60 | 121.00 | 128.60 | NOTE | |
r-release-linux-x86_64 | 1.1.1 | 6.26 | 123.46 | 129.72 | NOTE | |
r-release-macos-arm64 | 1.1.1 | 50.00 | NOTE | |||
r-release-macos-x86_64 | 1.1.1 | 67.00 | NOTE | |||
r-release-windows-x86_64 | 1.1.1 | 123.00 | 154.00 | 277.00 | NOTE | |
r-oldrel-macos-arm64 | 1.1.1 | 60.00 | NOTE | |||
r-oldrel-macos-x86_64 | 1.1.1 | 142.00 | NOTE | |||
r-oldrel-windows-ix86+x86_64 | 1.1.1 | 19.00 | 157.00 | 176.00 | NOTE |
Version: 1.1.1
Check: LazyData
Result: NOTE
'LazyData' is specified without a 'data' directory
Flavors: r-devel-linux-x86_64-debian-clang, r-devel-linux-x86_64-debian-gcc, r-devel-linux-x86_64-fedora-clang, r-devel-linux-x86_64-fedora-gcc, r-devel-windows-x86_64, r-patched-linux-x86_64, r-release-linux-x86_64, r-release-macos-arm64, r-release-macos-x86_64, r-release-windows-x86_64, r-oldrel-macos-arm64, r-oldrel-macos-x86_64, r-oldrel-windows-ix86+x86_64