CRAN Package Check Results for Package partialOR

Last updated on 2021-12-07 23:54:37 CET.

Flavor Version Tinstall Tcheck Ttotal Status Flags
r-devel-linux-x86_64-debian-clang 0.9 1.87 37.80 39.67 NOTE
r-devel-linux-x86_64-debian-gcc 0.9 1.77 28.87 30.64 NOTE
r-devel-linux-x86_64-fedora-clang 0.9 49.63 NOTE
r-devel-linux-x86_64-fedora-gcc 0.9 38.83 NOTE
r-devel-windows-x86_64-new-UL 0.9 5.00 61.00 66.00 NOTE
r-devel-windows-x86_64-new-TK 0.9 NOTE
r-devel-windows-x86_64-old 0.9 4.00 35.00 39.00 NOTE
r-patched-linux-x86_64 0.9 2.20 36.05 38.25 NOTE
r-release-linux-x86_64 0.9 2.12 36.31 38.43 NOTE
r-release-macos-arm64 0.9 NOTE
r-release-macos-x86_64 0.9 NOTE
r-release-windows-ix86+x86_64 0.9 4.00 48.00 52.00 NOTE
r-oldrel-macos-x86_64 0.9 NOTE
r-oldrel-windows-ix86+x86_64 0.9 5.00 45.00 50.00 NOTE

Check Details

Version: 0.9
Check: DESCRIPTION meta-information
Result: NOTE
    Malformed Description field: should contain one or more complete sentences.
Flavors: r-devel-linux-x86_64-debian-clang, r-devel-linux-x86_64-debian-gcc, r-devel-linux-x86_64-fedora-clang, r-devel-linux-x86_64-fedora-gcc, r-devel-windows-x86_64-new-UL, r-devel-windows-x86_64-new-TK, r-devel-windows-x86_64-old, r-patched-linux-x86_64, r-release-linux-x86_64, r-release-macos-arm64, r-release-macos-x86_64, r-release-windows-ix86+x86_64, r-oldrel-macos-x86_64, r-oldrel-windows-ix86+x86_64

Version: 0.9
Check: dependencies in R code
Result: NOTE
    Package in Depends field not imported from: 'nnet'
     These packages need to be imported from (in the NAMESPACE file)
     for when this namespace is loaded but not attached.
Flavors: r-devel-linux-x86_64-debian-clang, r-devel-linux-x86_64-debian-gcc, r-devel-linux-x86_64-fedora-clang, r-devel-linux-x86_64-fedora-gcc, r-devel-windows-x86_64-new-UL, r-devel-windows-x86_64-new-TK, r-devel-windows-x86_64-old, r-patched-linux-x86_64, r-release-linux-x86_64, r-release-macos-arm64, r-release-macos-x86_64, r-release-windows-ix86+x86_64, r-oldrel-macos-x86_64, r-oldrel-windows-ix86+x86_64

Version: 0.9
Check: R code for possible problems
Result: NOTE
    fitOR: no visible global function definition for 'multinom'
    fitOR: no visible global function definition for 'formula'
    fitOR: no visible global function definition for 'coef'
    fitOR: no visible global function definition for 'optim'
    reportOR: no visible global function definition for 'qnorm'
    reportOR: no visible global function definition for 'pchisq'
    reportOR: no visible global function definition for 'coef'
    simData: no visible global function definition for 'rnorm'
    simData: no visible global function definition for 'runif'
    Undefined global functions or variables:
     coef formula multinom optim pchisq qnorm rnorm runif
    Consider adding
     importFrom("stats", "coef", "formula", "optim", "pchisq", "qnorm",
     "rnorm", "runif")
    to your NAMESPACE file.
Flavors: r-devel-linux-x86_64-debian-clang, r-devel-linux-x86_64-debian-gcc, r-devel-linux-x86_64-fedora-clang, r-devel-linux-x86_64-fedora-gcc, r-devel-windows-x86_64-new-UL, r-devel-windows-x86_64-new-TK, r-devel-windows-x86_64-old, r-patched-linux-x86_64, r-release-linux-x86_64, r-release-macos-arm64, r-release-macos-x86_64, r-release-windows-ix86+x86_64, r-oldrel-macos-x86_64, r-oldrel-windows-ix86+x86_64