CRAN Package Check Results for Package parsedate

Last updated on 2021-09-19 16:49:14 CEST.

Flavor Version Tinstall Tcheck Ttotal Status Flags
r-devel-linux-x86_64-debian-clang 1.2.1 4.12 29.02 33.14 OK
r-devel-linux-x86_64-debian-gcc 1.2.1 2.66 22.14 24.80 OK
r-devel-linux-x86_64-fedora-clang 1.2.1 48.43 OK
r-devel-linux-x86_64-fedora-gcc 1.2.1 36.80 OK
r-devel-windows-x86_64 1.2.1 6.00 48.00 54.00 OK
r-devel-windows-x86_64-gcc10-UCRT 1.2.1 ERROR
r-patched-linux-x86_64 1.2.1 2.93 27.79 30.72 OK
r-patched-solaris-x86 1.2.1 57.50 OK
r-release-linux-x86_64 1.2.1 2.98 27.73 30.71 OK
r-release-macos-arm64 1.2.1 OK
r-release-macos-x86_64 1.2.1 OK
r-release-windows-ix86+x86_64 1.2.1 11.00 42.00 53.00 OK
r-oldrel-macos-x86_64 1.2.1 OK
r-oldrel-windows-ix86+x86_64 1.2.1 10.00 43.00 53.00 OK

Check Details

Version: 1.2.1
Check: whether package can be installed
Result: ERROR
    Installation failed.
Flavor: r-devel-windows-x86_64-gcc10-UCRT