CRAN Package Check Results for Package paropt

Last updated on 2022-01-22 00:48:33 CET.

Flavor Version Tinstall Tcheck Ttotal Status Flags
r-devel-linux-x86_64-debian-clang 0.2.1 225.05 41.39 266.44 OK
r-devel-linux-x86_64-debian-gcc 0.2.1 168.41 32.28 200.69 OK
r-devel-linux-x86_64-fedora-clang 0.2.1 420.57 NOTE
r-devel-linux-x86_64-fedora-gcc 0.2.1 381.61 OK
r-devel-windows-x86_64-new-UL 0.2.1 567.00 102.00 669.00 OK
r-devel-windows-x86_64-new-TK 0.2.1 OK
r-patched-linux-x86_64 0.2.1 205.04 40.21 245.25 OK
r-release-linux-x86_64 0.2.1 199.36 39.59 238.95 OK
r-release-macos-arm64 0.2.1 NOTE
r-release-macos-x86_64 0.2.1 NOTE
r-release-windows-ix86+x86_64 0.2.1 590.00 77.00 667.00 NOTE
r-oldrel-macos-x86_64 0.2.1 NOTE
r-oldrel-windows-ix86+x86_64 0.2.1 572.00 81.00 653.00 NOTE

Check Details

Version: 0.2.1
Check: installed package size
Result: NOTE
     installed size is 11.5Mb
     sub-directories of 1Mb or more:
     libs 7.2Mb
Flavors: r-devel-linux-x86_64-fedora-clang, r-release-macos-arm64, r-release-macos-x86_64, r-release-windows-ix86+x86_64, r-oldrel-macos-x86_64, r-oldrel-windows-ix86+x86_64