CRAN Package Check Results for Package parSim

Last updated on 2021-07-25 07:50:11 CEST.

Flavor Version Tinstall Tcheck Ttotal Status Flags
r-devel-linux-x86_64-debian-clang 0.1.4 3.68 45.93 49.61 OK
r-devel-linux-x86_64-debian-gcc 0.1.4 2.95 34.05 37.00 OK
r-devel-linux-x86_64-fedora-clang 0.1.4 67.20 NOTE
r-devel-linux-x86_64-fedora-gcc 0.1.4 55.22 NOTE
r-devel-windows-x86_64 0.1.4 6.00 50.00 56.00 OK
r-devel-windows-x86_64-gcc10-UCRT 0.1.4 NOTE
r-patched-linux-x86_64 0.1.4 4.11 42.23 46.34 OK
r-patched-solaris-x86 0.1.4 83.00 NOTE
r-release-linux-x86_64 0.1.4 3.67 42.92 46.59 OK
r-release-macos-arm64 0.1.4 NOTE
r-release-macos-x86_64 0.1.4 NOTE
r-release-windows-ix86+x86_64 0.1.4 11.00 45.00 56.00 OK
r-oldrel-macos-x86_64 0.1.4 NOTE
r-oldrel-windows-ix86+x86_64 0.1.4 11.00 56.00 67.00 OK

Check Details

Version: 0.1.4
Check: dependencies in R code
Result: NOTE
    Namespace in Imports field not imported from: ‘parallel’
     All declared Imports should be used.
Flavors: r-devel-linux-x86_64-fedora-clang, r-devel-linux-x86_64-fedora-gcc, r-devel-windows-x86_64-gcc10-UCRT, r-patched-solaris-x86, r-release-macos-arm64, r-release-macos-x86_64, r-oldrel-macos-x86_64