CRAN Package Check Results for Package paleopop

Last updated on 2021-07-30 19:50:19 CEST.

Flavor Version Tinstall Tcheck Ttotal Status Flags
r-devel-linux-x86_64-debian-clang 2.1.1 OK
r-devel-linux-x86_64-debian-gcc 2.1.1 13.16 384.17 397.33 OK
r-devel-linux-x86_64-fedora-clang 2.1.1 597.39 NOTE
r-devel-linux-x86_64-fedora-gcc 2.1.1 619.42 NOTE
r-devel-windows-x86_64 2.1.1 19.00 414.00 433.00 OK
r-devel-windows-x86_64-gcc10-UCRT 2.1.1 NOTE
r-patched-linux-x86_64 2.1.1 OK
r-patched-solaris-x86 2.1.1 1400.10 NOTE
r-release-linux-x86_64 2.1.1 13.47 477.08 490.55 OK
r-release-macos-arm64 2.1.1 NOTE
r-release-macos-x86_64 2.1.1 NOTE
r-release-windows-ix86+x86_64 2.1.1 27.00 420.00 447.00 OK
r-oldrel-macos-x86_64 2.1.1 NOTE
r-oldrel-windows-ix86+x86_64 2.1.1 22.00 424.00 446.00 OK

Check Details

Version: 2.1.1
Check: dependencies in R code
Result: NOTE
    Namespace in Imports field not imported from: ‘trend’
     All declared Imports should be used.
Flavors: r-devel-linux-x86_64-fedora-clang, r-devel-linux-x86_64-fedora-gcc, r-devel-windows-x86_64-gcc10-UCRT, r-patched-solaris-x86, r-release-macos-arm64, r-release-macos-x86_64, r-oldrel-macos-x86_64