CRAN Package Check Results for Package pafr

Last updated on 2021-08-01 19:51:38 CEST.

Flavor Version Tinstall Tcheck Ttotal Status Flags
r-devel-linux-x86_64-debian-clang 0.0.2 5.74 81.87 87.61 NOTE
r-devel-linux-x86_64-debian-gcc 0.0.2 4.78 60.11 64.89 NOTE
r-devel-linux-x86_64-fedora-clang 0.0.2 108.96 NOTE
r-devel-linux-x86_64-fedora-gcc 0.0.2 101.41 NOTE
r-devel-windows-x86_64 0.0.2 8.00 101.00 109.00 NOTE
r-devel-windows-x86_64-gcc10-UCRT 0.0.2 NOTE
r-patched-linux-x86_64 0.0.2 NOTE
r-patched-solaris-x86 0.0.2 146.20 NOTE
r-release-linux-x86_64 0.0.2 5.12 75.63 80.75 NOTE
r-release-macos-arm64 0.0.2 WARN
r-release-macos-x86_64 0.0.2 NOTE
r-release-windows-ix86+x86_64 0.0.2 14.00 91.00 105.00 NOTE
r-oldrel-macos-x86_64 0.0.2 OK
r-oldrel-windows-ix86+x86_64 0.0.2 11.00 107.00 118.00 OK

Check Details

Version: 0.0.2
Check: LazyData
Result: NOTE
     'LazyData' is specified without a 'data' directory
Flavors: r-devel-linux-x86_64-debian-clang, r-devel-linux-x86_64-debian-gcc, r-devel-linux-x86_64-fedora-clang, r-devel-linux-x86_64-fedora-gcc, r-devel-windows-x86_64, r-devel-windows-x86_64-gcc10-UCRT, r-patched-linux-x86_64, r-patched-solaris-x86, r-release-linux-x86_64, r-release-macos-arm64, r-release-macos-x86_64, r-release-windows-ix86+x86_64

Version: 0.0.2
Check: re-building of vignette outputs
Result: WARN
    Error(s) in re-building vignettes:
     ...
    --- re-building ‘Introduction_to_pafr.Rmd’ using rmarkdown
    Warning in engine$weave(file, quiet = quiet, encoding = enc) :
     Pandoc (>= 1.12.3) not available. Falling back to R Markdown v1.
    Quitting from lines 83-91 (Introduction_to_pafr.Rmd)
    Error: processing vignette 'Introduction_to_pafr.Rmd' failed with diagnostics:
    polygon edge not found
    --- failed re-building ‘Introduction_to_pafr.Rmd’
    
    SUMMARY: processing the following file failed:
     ‘Introduction_to_pafr.Rmd’
    
    Error: Vignette re-building failed.
    Execution halted
Flavor: r-release-macos-arm64