CRAN Package Check Results for Package pGPx

Last updated on 2021-06-18 21:53:25 CEST.

Flavor Version Tinstall Tcheck Ttotal Status Flags
r-devel-linux-x86_64-debian-clang 0.1.1 35.03 49.59 84.62 NOTE
r-devel-linux-x86_64-debian-gcc 0.1.1 20.83 38.16 58.99 NOTE
r-devel-linux-x86_64-fedora-clang 0.1.1 112.98 NOTE
r-devel-linux-x86_64-fedora-gcc 0.1.1 95.99 NOTE
r-devel-windows-x86_64 0.1.1 38.00 77.00 115.00 NOTE
r-devel-windows-x86_64-gcc10-UCRT 0.1.1 NOTE
r-patched-linux-x86_64 0.1.1 25.32 49.02 74.34 NOTE
r-patched-solaris-x86 0.1.1 135.10 NOTE
r-release-linux-x86_64 0.1.1 24.04 48.17 72.21 NOTE
r-release-macos-arm64 0.1.1 NOTE
r-release-macos-x86_64 0.1.1 NOTE
r-release-windows-ix86+x86_64 0.1.1 72.00 93.00 165.00 NOTE
r-oldrel-macos-x86_64 0.1.1 OK
r-oldrel-windows-ix86+x86_64 0.1.1 51.00 115.00 166.00 OK

Check Details

Version: 0.1.1
Check: LazyData
Result: NOTE
     'LazyData' is specified without a 'data' directory
Flavors: r-devel-linux-x86_64-debian-clang, r-devel-linux-x86_64-debian-gcc, r-devel-linux-x86_64-fedora-clang, r-devel-linux-x86_64-fedora-gcc, r-devel-windows-x86_64, r-devel-windows-x86_64-gcc10-UCRT, r-patched-linux-x86_64, r-patched-solaris-x86, r-release-linux-x86_64, r-release-macos-arm64, r-release-macos-x86_64, r-release-windows-ix86+x86_64