Last updated on 2022-08-12 21:53:10 CEST.
Flavor | Version | Tinstall | Tcheck | Ttotal | Status | Flags |
---|---|---|---|---|---|---|
r-devel-linux-x86_64-debian-clang | 1.0 | 5.95 | 52.23 | 58.18 | OK | |
r-devel-linux-x86_64-debian-gcc | 1.0 | 5.53 | 40.09 | 45.62 | OK | |
r-devel-linux-x86_64-fedora-clang | 1.0 | 82.07 | NOTE | |||
r-devel-linux-x86_64-fedora-gcc | 1.0 | 80.22 | NOTE | |||
r-devel-windows-x86_64 | 1.0 | 14.00 | 94.00 | 108.00 | OK | |
r-patched-linux-x86_64 | 1.0 | 7.30 | 50.83 | 58.13 | OK | |
r-release-linux-x86_64 | 1.0 | 5.77 | 49.99 | 55.76 | OK | |
r-release-macos-arm64 | 1.0 | 25.00 | OK | |||
r-release-macos-x86_64 | 1.0 | 33.00 | OK | |||
r-release-windows-x86_64 | 1.0 | 15.00 | 93.00 | 108.00 | OK | |
r-oldrel-macos-arm64 | 1.0 | 29.00 | OK | |||
r-oldrel-macos-x86_64 | 1.0 | 39.00 | OK | |||
r-oldrel-windows-ix86+x86_64 | 1.0 | 19.00 | 107.00 | 126.00 | OK |
Version: 1.0
Check: compiled code
Result: NOTE
File ‘pGMGM/libs/pGMGM.so’:
Found no calls to: ‘R_registerRoutines’, ‘R_useDynamicSymbols’
It is good practice to register native routines and to disable symbol
search.
See ‘Writing portable packages’ in the ‘Writing R Extensions’ manual.
Flavors: r-devel-linux-x86_64-fedora-clang, r-devel-linux-x86_64-fedora-gcc