CRAN Package Check Results for Package pCODE

Last updated on 2021-06-16 21:51:51 CEST.

Flavor Version Tinstall Tcheck Ttotal Status Flags
r-devel-linux-x86_64-debian-clang 0.9.3 9.88 184.15 194.03 OK
r-devel-linux-x86_64-debian-gcc 0.9.3 8.18 122.26 130.44 OK
r-devel-linux-x86_64-fedora-clang 0.9.3 219.18 NOTE
r-devel-linux-x86_64-fedora-gcc 0.9.3 210.64 NOTE
r-devel-windows-x86_64 0.9.3 16.00 208.00 224.00 OK
r-devel-windows-x86_64-gcc10-UCRT 0.9.3 NOTE
r-patched-linux-x86_64 0.9.3 10.47 165.86 176.33 OK
r-patched-solaris-x86 0.9.3 301.80 NOTE
r-release-linux-x86_64 0.9.3 8.98 166.70 175.68 OK
r-release-macos-arm64 0.9.3 NOTE
r-release-macos-x86_64 0.9.3 NOTE
r-release-windows-ix86+x86_64 0.9.3 21.00 200.00 221.00 OK
r-oldrel-macos-x86_64 0.9.3 NOTE
r-oldrel-windows-ix86+x86_64 0.9.3 16.00 204.00 220.00 OK

Check Details

Version: 0.9.3
Check: dependencies in R code
Result: NOTE
    Namespace in Imports field not imported from: ‘base’
     All declared Imports should be used.
Flavors: r-devel-linux-x86_64-fedora-clang, r-devel-linux-x86_64-fedora-gcc, r-devel-windows-x86_64-gcc10-UCRT, r-patched-solaris-x86, r-release-macos-arm64, r-release-macos-x86_64, r-oldrel-macos-x86_64