CRAN Package Check Results for Package oysteR

Last updated on 2021-07-24 07:49:33 CEST.

Flavor Version Tinstall Tcheck Ttotal Status Flags
r-devel-linux-x86_64-debian-clang 0.1.1 4.83 47.17 52.00 NOTE
r-devel-linux-x86_64-debian-gcc 0.1.1 3.35 35.31 38.66 NOTE
r-devel-linux-x86_64-fedora-clang 0.1.1 72.15 NOTE
r-devel-linux-x86_64-fedora-gcc 0.1.1 57.67 NOTE
r-devel-windows-x86_64 0.1.1 6.00 54.00 60.00 NOTE
r-devel-windows-x86_64-gcc10-UCRT 0.0.1 NOTE
r-patched-linux-x86_64 0.1.1 4.09 43.48 47.57 NOTE
r-patched-solaris-x86 0.1.1 88.00 NOTE
r-release-linux-x86_64 0.1.1 3.83 43.46 47.29 NOTE
r-release-macos-arm64 0.1.1 NOTE
r-release-macos-x86_64 0.1.1 NOTE
r-release-windows-ix86+x86_64 0.1.1 13.00 63.00 76.00 NOTE
r-oldrel-macos-x86_64 0.1.1 OK
r-oldrel-windows-ix86+x86_64 0.1.1 13.00 60.00 73.00 OK

Check Details

Version: 0.1.1
Check: LazyData
Result: NOTE
     'LazyData' is specified without a 'data' directory
Flavors: r-devel-linux-x86_64-debian-clang, r-devel-linux-x86_64-debian-gcc, r-devel-linux-x86_64-fedora-clang, r-devel-linux-x86_64-fedora-gcc, r-devel-windows-x86_64, r-devel-windows-x86_64-gcc10-UCRT, r-patched-linux-x86_64, r-patched-solaris-x86, r-release-linux-x86_64, r-release-macos-arm64, r-release-macos-x86_64, r-release-windows-ix86+x86_64