CRAN Package Check Results for Package owdbr

Last updated on 2022-07-07 05:56:08 CEST.

Flavor Version Tinstall Tcheck Ttotal Status Flags
r-devel-linux-x86_64-debian-clang 1.0.1.1 4.09 37.39 41.48 NOTE
r-devel-linux-x86_64-debian-gcc 1.0.1.1 3.45 29.07 32.52 NOTE
r-devel-linux-x86_64-fedora-clang 1.0.1.1 60.43 NOTE
r-devel-linux-x86_64-fedora-gcc 1.0.1.1 59.83 NOTE
r-devel-windows-x86_64 1.0.1.1 9.00 62.00 71.00 NOTE
r-patched-linux-x86_64 1.0.1.1 4.02 35.49 39.51 NOTE
r-release-linux-x86_64 1.0.1.1 4.21 35.53 39.74 NOTE
r-release-macos-arm64 1.0.1.1 19.00 NOTE
r-release-macos-x86_64 1.0.1.1 35.00 NOTE
r-release-windows-x86_64 1.0.1.1 9.00 62.00 71.00 NOTE
r-oldrel-macos-arm64 1.0.1.1 21.00 NOTE
r-oldrel-macos-x86_64 1.0.1.1 30.00 NOTE
r-oldrel-windows-ix86+x86_64 1.0.1.1 10.00 52.00 62.00 NOTE

Check Details

Version: 1.0.1.1
Check: LazyData
Result: NOTE
     'LazyData' is specified without a 'data' directory
Flavors: r-devel-linux-x86_64-debian-clang, r-devel-linux-x86_64-debian-gcc, r-devel-linux-x86_64-fedora-clang, r-devel-linux-x86_64-fedora-gcc, r-devel-windows-x86_64, r-patched-linux-x86_64, r-release-linux-x86_64, r-release-macos-arm64, r-release-macos-x86_64, r-release-windows-x86_64, r-oldrel-macos-arm64, r-oldrel-macos-x86_64, r-oldrel-windows-ix86+x86_64