CRAN Package Check Results for Package otinference

Last updated on 2021-12-03 11:51:57 CET.

Flavor Version Tinstall Tcheck Ttotal Status Flags
r-devel-linux-x86_64-debian-clang 0.1.0 1.93 20.02 21.95 OK
r-devel-linux-x86_64-debian-gcc 0.1.0 1.44 15.91 17.35 OK
r-devel-linux-x86_64-fedora-clang 0.1.0 39.97 NOTE
r-devel-linux-x86_64-fedora-gcc 0.1.0 27.07 NOTE
r-devel-windows-x86_64-new-UL 0.1.0 6.00 51.00 57.00 NOTE
r-devel-windows-x86_64-new-TK 0.1.0 NOTE
r-devel-windows-x86_64-old 0.1.0 4.00 28.00 32.00 NOTE
r-patched-linux-x86_64 0.1.0 1.88 19.19 21.07 OK
r-patched-solaris-x86 0.1.0 43.70 NOTE
r-release-linux-x86_64 0.1.0 1.71 19.40 21.11 OK
r-release-macos-arm64 0.1.0 NOTE
r-release-macos-x86_64 0.1.0 NOTE
r-release-windows-ix86+x86_64 0.1.0 4.00 39.00 43.00 NOTE
r-oldrel-macos-x86_64 0.1.0 NOTE
r-oldrel-windows-ix86+x86_64 0.1.0 4.00 39.00 43.00 NOTE

Check Details

Version: 0.1.0
Check: package dependencies
Result: NOTE
    Package suggested but not available for checking: ‘Rcplex’
Flavors: r-devel-linux-x86_64-fedora-clang, r-devel-linux-x86_64-fedora-gcc, r-devel-windows-x86_64-new-UL, r-devel-windows-x86_64-new-TK, r-devel-windows-x86_64-old, r-patched-solaris-x86, r-release-macos-arm64, r-release-macos-x86_64, r-release-windows-ix86+x86_64, r-oldrel-macos-x86_64, r-oldrel-windows-ix86+x86_64