Last updated on 2022-08-12 21:53:08 CEST.
Flavor | Version | Tinstall | Tcheck | Ttotal | Status | Flags |
---|---|---|---|---|---|---|
r-devel-linux-x86_64-debian-clang | 0.6.0.5 | 35.57 | 71.65 | 107.22 | WARN | |
r-devel-linux-x86_64-debian-gcc | 0.6.0.5 | 29.75 | 55.24 | 84.99 | OK | |
r-devel-linux-x86_64-fedora-clang | 0.6.0.5 | 156.10 | WARN | |||
r-devel-linux-x86_64-fedora-gcc | 0.6.0.5 | 152.31 | OK | |||
r-devel-windows-x86_64 | 0.6.0.5 | 149.00 | 107.00 | 256.00 | OK | |
r-patched-linux-x86_64 | 0.6.0.5 | 32.38 | 69.70 | 102.08 | OK | |
r-release-linux-x86_64 | 0.6.0.5 | 33.52 | 69.41 | 102.93 | OK | |
r-release-macos-arm64 | 0.6.0.5 | 40.00 | OK | |||
r-release-macos-x86_64 | 0.6.0.5 | 58.00 | OK | |||
r-release-windows-x86_64 | 0.6.0.5 | 168.00 | 113.00 | 281.00 | OK | |
r-oldrel-macos-arm64 | 0.6.0.5 | 40.00 | OK | |||
r-oldrel-macos-x86_64 | 0.6.0.5 | 54.00 | OK | |||
r-oldrel-windows-ix86+x86_64 | 0.6.0.5 | 108.00 | 124.00 | 232.00 | OK |
Version: 0.6.0.5
Check: whether package can be installed
Result: WARN
Found the following significant warnings:
osqp_solve_interface.cpp:200:7: warning: use of bitwise '&' with boolean operands [-Wbitwise-instead-of-logical]
osqp_solve_interface.cpp:203:7: warning: use of bitwise '&' with boolean operands [-Wbitwise-instead-of-logical]
osqp_solve_interface.cpp:206:7: warning: use of bitwise '&' with boolean operands [-Wbitwise-instead-of-logical]
osqp_solve_interface.cpp:230:7: warning: use of bitwise '&' with boolean operands [-Wbitwise-instead-of-logical]
osqp_solve_interface.cpp:238:7: warning: use of bitwise '&' with boolean operands [-Wbitwise-instead-of-logical]
osqp_solve_interface.cpp:245:7: warning: use of bitwise '&' with boolean operands [-Wbitwise-instead-of-logical]
Flavors: r-devel-linux-x86_64-debian-clang, r-devel-linux-x86_64-fedora-clang